Last updated on 2023-12-10 06:50:25 CET.
Flavor | Version | Tinstall | Tcheck | Ttotal | Status | Flags |
---|---|---|---|---|---|---|
r-devel-linux-x86_64-debian-clang | 0.8.7 | 150.53 | 197.87 | 348.40 | WARN | |
r-devel-linux-x86_64-debian-gcc | 0.8.7 | 98.43 | 150.88 | 249.31 | WARN | |
r-devel-linux-x86_64-fedora-clang | 0.8.7 | 481.28 | WARN | |||
r-devel-linux-x86_64-fedora-gcc | 0.8.8 | 514.76 | OK | |||
r-devel-windows-x86_64 | 0.8.7 | 121.00 | 194.00 | 315.00 | WARN | |
r-patched-linux-x86_64 | 0.8.7 | 96.14 | 194.68 | 290.82 | OK | |
r-release-linux-x86_64 | 0.8.7 | 101.47 | 189.61 | 291.08 | OK | |
r-release-macos-arm64 | 0.8.8 | 126.00 | NOTE | |||
r-release-macos-x86_64 | 0.8.8 | 218.00 | NOTE | |||
r-release-windows-x86_64 | 0.8.8 | 125.00 | 250.00 | 375.00 | OK | |
r-oldrel-macos-arm64 | 0.8.8 | 110.00 | NOTE | |||
r-oldrel-macos-x86_64 | 0.8.7 | 166.00 | NOTE | |||
r-oldrel-windows-x86_64 | 0.8.7 | 140.00 | 224.00 | 364.00 | OK |
Version: 0.8.7
Check: whether package can be installed
Result: WARN
Found the following significant warnings:
dsvg_dev.cpp:154:25: warning: format specifies type 'wchar_t *' but the argument has type 'const char *' [-Wformat]
dsvg_dev.cpp:198:25: warning: format specifies type 'wchar_t *' but the argument has type 'const char *' [-Wformat]
dsvg_dev.cpp:209:25: warning: format specifies type 'wchar_t *' but the argument has type 'const char *' [-Wformat]
dsvg_dev.cpp:214:25: warning: format specifies type 'wchar_t *' but the argument has type 'const char *' [-Wformat]
dsvg_dev.cpp:220:25: warning: format specifies type 'wchar_t *' but the argument has type 'const char *' [-Wformat]
dsvg_dev.cpp:226:25: warning: format specifies type 'wchar_t *' but the argument has type 'const char *' [-Wformat]
dsvg_dev.cpp:232:25: warning: format specifies type 'wchar_t *' but the argument has type 'const char *' [-Wformat]
See ‘/home/hornik/tmp/R.check/r-devel-clang/Work/PKGS/ggiraph.Rcheck/00install.out’ for details.
* used C++ compiler: ‘Debian clang version 17.0.5 (1)’
Flavor: r-devel-linux-x86_64-debian-clang
Version: 0.8.7
Check: whether package can be installed
Result: WARN
Found the following significant warnings:
dsvg_dev.cpp:4:38: warning: ISO C++11 does not support the ‘%S’ gnu_printf format [-Wformat=]
dsvg_dev.cpp:4:38: warning: format ‘%S’ expects argument of type ‘wchar_t*’, but argument 2 has type ‘const char*’ [-Wformat=]
See ‘/home/hornik/tmp/R.check/r-devel-gcc/Work/PKGS/ggiraph.Rcheck/00install.out’ for details.
* used C++ compiler: ‘g++-13 (Debian 13.2.0-7) 13.2.0’
Flavor: r-devel-linux-x86_64-debian-gcc
Version: 0.8.7
Check: whether package can be installed
Result: WARN
Found the following significant warnings:
dsvg_dev.cpp:154:25: warning: format specifies type 'wchar_t *' but the argument has type 'const char *' [-Wformat]
dsvg_dev.cpp:198:25: warning: format specifies type 'wchar_t *' but the argument has type 'const char *' [-Wformat]
dsvg_dev.cpp:209:25: warning: format specifies type 'wchar_t *' but the argument has type 'const char *' [-Wformat]
dsvg_dev.cpp:214:25: warning: format specifies type 'wchar_t *' but the argument has type 'const char *' [-Wformat]
dsvg_dev.cpp:220:25: warning: format specifies type 'wchar_t *' but the argument has type 'const char *' [-Wformat]
dsvg_dev.cpp:226:25: warning: format specifies type 'wchar_t *' but the argument has type 'const char *' [-Wformat]
dsvg_dev.cpp:232:25: warning: format specifies type 'wchar_t *' but the argument has type 'const char *' [-Wformat]
See ‘/data/gannet/ripley/R/packages/tests-clang/ggiraph.Rcheck/00install.out’ for details.
* used C++ compiler: ‘clang version 17.0.5’
Flavor: r-devel-linux-x86_64-fedora-clang
Version: 0.8.7
Check: whether package can be installed
Result: WARN
Found the following significant warnings:
dsvg_dev.cpp:4:38: warning: ISO C++11 does not support the '%S' gnu_printf format [-Wformat=]
dsvg_dev.cpp:4:38: warning: format '%S' expects argument of type 'wchar_t*', but argument 2 has type 'const char*' [-Wformat=]
See 'd:/Rcompile/CRANpkg/local/4.4/ggiraph.Rcheck/00install.out' for details.
* used C++ compiler: 'g++.exe (GCC) 12.3.0'
Flavor: r-devel-windows-x86_64
Version: 0.8.8
Check: installed package size
Result: NOTE
installed size is 6.9Mb
sub-directories of 1Mb or more:
libs 4.9Mb
Flavors: r-release-macos-arm64, r-release-macos-x86_64, r-oldrel-macos-arm64
Version: 0.8.7
Check: installed package size
Result: NOTE
installed size is 6.9Mb
sub-directories of 1Mb or more:
libs 5.0Mb
Flavor: r-oldrel-macos-x86_64