CRAN Package Check Results for Package gginnards

Last updated on 2019-08-24 02:48:33 CEST.

Flavor Version Tinstall Tcheck Ttotal Status Flags
r-devel-linux-x86_64-debian-clang 0.0.2 3.56 68.03 71.59 OK
r-devel-linux-x86_64-debian-gcc 0.0.2 3.40 55.39 58.79 OK
r-devel-linux-x86_64-fedora-clang 0.0.2 85.07 NOTE
r-devel-linux-x86_64-fedora-gcc 0.0.2 81.35 NOTE
r-devel-windows-ix86+x86_64 0.0.2 13.00 78.00 91.00 OK
r-patched-linux-x86_64 0.0.2 3.30 67.36 70.66 OK
r-patched-solaris-x86 0.0.2 120.60 NOTE
r-release-linux-x86_64 0.0.2 3.37 65.69 69.06 OK
r-release-windows-ix86+x86_64 0.0.2 16.00 113.00 129.00 OK
r-release-osx-x86_64 0.0.2 NOTE
r-oldrel-windows-ix86+x86_64 0.0.2 8.00 105.00 113.00 OK
r-oldrel-osx-x86_64 0.0.2 NOTE

Check Details

Version: 0.0.2
Check: dependencies in R code
Result: NOTE
    Namespace in Imports field not imported from: ‘tibble’
     All declared Imports should be used.
Flavors: r-devel-linux-x86_64-fedora-clang, r-devel-linux-x86_64-fedora-gcc, r-patched-solaris-x86, r-release-osx-x86_64, r-oldrel-osx-x86_64