CRAN Package Check Results for Package gginnards

Last updated on 2019-02-18 01:51:17 CET.

Flavor Version Tinstall Tcheck Ttotal Status Flags
r-devel-linux-x86_64-debian-clang 0.0.1 2.38 70.19 72.57 OK
r-devel-linux-x86_64-debian-gcc 0.0.1 2.26 54.68 56.94 OK
r-devel-linux-x86_64-fedora-clang 0.0.1 86.97 NOTE
r-devel-linux-x86_64-fedora-gcc 0.0.1 79.61 NOTE
r-devel-windows-ix86+x86_64 0.0.1 10.00 81.00 91.00 OK
r-patched-linux-x86_64 0.0.1 1.74 65.06 66.80 OK
r-patched-solaris-x86 0.0.1 115.30 NOTE
r-release-linux-x86_64 0.0.1 OK
r-release-windows-ix86+x86_64 0.0.1 7.00 82.00 89.00 OK
r-release-osx-x86_64 0.0.1 NOTE
r-oldrel-windows-ix86+x86_64 0.0.1 10.00 95.00 105.00 OK
r-oldrel-osx-x86_64 0.0.1 NOTE

Check Details

Version: 0.0.1
Check: dependencies in R code
Result: NOTE
    Namespaces in Imports field not imported from:
     ‘grid’ ‘tibble’
     All declared Imports should be used.
Flavors: r-devel-linux-x86_64-fedora-clang, r-devel-linux-x86_64-fedora-gcc, r-patched-solaris-x86, r-release-osx-x86_64, r-oldrel-osx-x86_64