Last updated on 2023-02-02 23:50:34 CET.
Flavor | Version | Tinstall | Tcheck | Ttotal | Status | Flags |
---|---|---|---|---|---|---|
r-devel-linux-x86_64-debian-clang | 0.2.0 | 6.66 | 80.38 | 87.04 | OK | |
r-devel-linux-x86_64-debian-gcc | 0.2.0 | 5.46 | 61.36 | 66.82 | OK | |
r-devel-linux-x86_64-fedora-clang | 0.2.0 | 110.37 | NOTE | |||
r-devel-linux-x86_64-fedora-gcc | 0.2.0 | 135.42 | OK | |||
r-devel-windows-x86_64 | 0.2.0 | 28.00 | 120.00 | 148.00 | OK | |
r-patched-linux-x86_64 | 0.2.0 | 5.75 | 78.53 | 84.28 | OK | |
r-release-linux-x86_64 | 0.2.0 | 6.47 | 78.66 | 85.13 | OK | |
r-release-macos-arm64 | 0.2.0 | 44.00 | OK | |||
r-release-macos-x86_64 | 0.2.0 | 53.00 | OK | |||
r-release-windows-x86_64 | 0.2.0 | 28.00 | 129.00 | 157.00 | OK | |
r-oldrel-macos-arm64 | 0.2.0 | 43.00 | OK | |||
r-oldrel-macos-x86_64 | 0.2.0 | 60.00 | OK | |||
r-oldrel-windows-ix86+x86_64 | 0.2.0 | 16.00 | 107.00 | 123.00 | OK |
Version: 0.2.0
Check: Rd cross-references
Result: NOTE
Undeclared package ‘rlang’ in Rd xrefs
Flavor: r-devel-linux-x86_64-fedora-clang