CRAN Package Check Results for Package gghalves

Last updated on 2022-05-28 17:50:37 CEST.

Flavor Version Tinstall Tcheck Ttotal Status Flags
r-devel-linux-x86_64-debian-clang 0.1.1 7.15 74.89 82.04 NOTE
r-devel-linux-x86_64-debian-gcc 0.1.1 6.14 56.99 63.13 NOTE
r-devel-linux-x86_64-fedora-clang 0.1.2 104.45 NOTE
r-devel-linux-x86_64-fedora-gcc 0.1.2 99.56 NOTE
r-devel-windows-x86_64 0.1.2 24.00 114.00 138.00 OK
r-patched-linux-x86_64 0.1.1 7.70 71.30 79.00 NOTE
r-release-linux-x86_64 0.1.1 5.90 72.44 78.34 NOTE
r-release-macos-arm64 0.1.1 34.00 NOTE
r-release-macos-x86_64 0.1.1 53.00 NOTE
r-release-windows-x86_64 0.1.1 21.00 97.00 118.00 NOTE
r-oldrel-macos-arm64 0.1.1 40.00 NOTE
r-oldrel-macos-x86_64 0.1.1 48.00 NOTE
r-oldrel-windows-ix86+x86_64 0.1.1 18.00 84.00 102.00 NOTE

Check Details

Version: 0.1.1
Check: LazyData
Result: NOTE
     'LazyData' is specified without a 'data' directory
Flavors: r-devel-linux-x86_64-debian-clang, r-devel-linux-x86_64-debian-gcc, r-patched-linux-x86_64, r-release-linux-x86_64, r-release-macos-arm64, r-release-macos-x86_64, r-release-windows-x86_64, r-oldrel-macos-arm64, r-oldrel-macos-x86_64, r-oldrel-windows-ix86+x86_64

Version: 0.1.2
Check: dependencies in R code
Result: NOTE
    Namespaces in Imports field not imported from:
     ‘grDevices’ ‘gtable’
     All declared Imports should be used.
Flavors: r-devel-linux-x86_64-fedora-clang, r-devel-linux-x86_64-fedora-gcc

Version: 0.1.1
Check: dependencies in R code
Result: NOTE
    Namespaces in Imports field not imported from:
     ‘grDevices’ ‘gtable’
     All declared Imports should be used.
Flavors: r-release-macos-arm64, r-release-macos-x86_64, r-oldrel-macos-arm64, r-oldrel-macos-x86_64