CRAN Package Check Results for Package ggh4x

Last updated on 2021-04-15 21:54:05 CEST.

Flavor Version Tinstall Tcheck Ttotal Status Flags
r-devel-linux-x86_64-debian-clang 0.1.2.1 12.12 206.27 218.39 NOTE
r-devel-linux-x86_64-debian-gcc 0.1.2.1 8.71 149.48 158.19 NOTE
r-devel-linux-x86_64-fedora-clang 0.1.2.1 255.61 NOTE
r-devel-linux-x86_64-fedora-gcc 0.1.2.1 245.74 NOTE
r-devel-windows-ix86+x86_64 0.1.2.1 28.00 239.00 267.00 NOTE
r-devel-windows-x86_64-gcc10-UCRT 0.1.2.1 NOTE
r-patched-linux-x86_64 0.1.2.1 10.72 190.23 200.95 OK
r-patched-solaris-x86 0.1.2.1 309.40 OK
r-release-linux-x86_64 0.1.2.1 10.95 190.69 201.64 OK
r-release-macos-x86_64 0.1.2.1 OK
r-release-windows-ix86+x86_64 0.1.2.1 34.00 246.00 280.00 OK
r-oldrel-macos-x86_64 0.1.2.1 OK
r-oldrel-windows-ix86+x86_64 0.1.2.1 16.00 190.00 206.00 OK

Check Details

Version: 0.1.2.1
Check: LazyData
Result: NOTE
     'LazyData' is specified without a 'data' directory
Flavors: r-devel-linux-x86_64-debian-clang, r-devel-linux-x86_64-debian-gcc, r-devel-linux-x86_64-fedora-clang, r-devel-linux-x86_64-fedora-gcc, r-devel-windows-ix86+x86_64, r-devel-windows-x86_64-gcc10-UCRT