Last updated on 2023-12-06 18:52:45 CET.
Flavor | Version | Tinstall | Tcheck | Ttotal | Status | Flags |
---|---|---|---|---|---|---|
r-devel-linux-x86_64-debian-clang | 1.0.1 | 9.64 | 140.01 | 149.65 | NOTE | |
r-devel-linux-x86_64-debian-gcc | 1.0.1 | 6.70 | 93.58 | 100.28 | NOTE | |
r-devel-linux-x86_64-fedora-clang | 1.0.1 | 178.84 | OK | |||
r-devel-linux-x86_64-fedora-gcc | 1.0.1 | 164.46 | OK | |||
r-devel-windows-x86_64 | 1.0.1 | 11.00 | 112.00 | 123.00 | OK | |
r-patched-linux-x86_64 | 1.0.1 | 13.96 | 116.55 | 130.51 | OK | |
r-release-linux-x86_64 | 1.0.1 | 8.22 | 117.79 | 126.01 | OK | |
r-release-macos-arm64 | 1.0.1 | 55.00 | OK | |||
r-release-macos-x86_64 | 1.0.1 | 92.00 | OK | |||
r-release-windows-x86_64 | 1.0.1 | 12.00 | 133.00 | 145.00 | OK | |
r-oldrel-macos-arm64 | 1.0.1 | 41.00 | OK | |||
r-oldrel-macos-x86_64 | 1.0.1 | 63.00 | OK | |||
r-oldrel-windows-x86_64 | 1.0.1 | 13.00 | 138.00 | 151.00 | OK |
Version: 1.0.1
Check: Rd files
Result: NOTE
checkRd: (-1) render_context.Rd:42: Lost braces; missing escapes or markup?
42 | \item{xmin, ymin, xmax, ymax}{Boundaries of the area in pixels. {0,0} is the
| ^
Flavors: r-devel-linux-x86_64-debian-clang, r-devel-linux-x86_64-debian-gcc