CRAN Package Check Results for Package ggfx

Last updated on 2021-08-05 12:57:07 CEST.

Flavor Version Tinstall Tcheck Ttotal Status Flags
r-devel-linux-x86_64-debian-clang 1.0.0 7.86 126.05 133.91 OK
r-devel-linux-x86_64-debian-gcc 1.0.0 6.44 84.69 91.13 OK
r-devel-linux-x86_64-fedora-clang 1.0.0 170.35 OK
r-devel-linux-x86_64-fedora-gcc 1.0.0 139.65 OK
r-devel-windows-x86_64 1.0.0 14.00 137.00 151.00 OK
r-devel-windows-x86_64-gcc10-UCRT 1.0.0 ERROR
r-patched-linux-x86_64 1.0.0 11.93 107.63 119.56 OK
r-patched-solaris-x86 1.0.0 219.70 OK
r-release-linux-x86_64 1.0.0 7.11 105.13 112.24 OK
r-release-macos-arm64 1.0.0 OK
r-release-macos-x86_64 1.0.0 OK
r-release-windows-ix86+x86_64 1.0.0 19.00 136.00 155.00 OK
r-oldrel-macos-x86_64 1.0.0 OK
r-oldrel-windows-ix86+x86_64 1.0.0 28.00 139.00 167.00 OK

Check Details

Version: 1.0.0
Check: package dependencies
Result: ERROR
    Package required but not available: 'ggplot2'
    
    See section 'The DESCRIPTION file' in the 'Writing R Extensions'
    manual.
Flavor: r-devel-windows-x86_64-gcc10-UCRT