CRAN Package Check Results for Package ggfortify

Last updated on 2019-07-24 09:50:23 CEST.

Flavor Version Tinstall Tcheck Ttotal Status Flags
r-devel-linux-x86_64-debian-clang 0.4.7 11.06 211.93 222.99 OK
r-devel-linux-x86_64-debian-gcc 0.4.7 8.73 155.88 164.61 OK
r-devel-linux-x86_64-fedora-clang 0.4.7 252.95 OK
r-devel-linux-x86_64-fedora-gcc 0.4.7 250.12 OK
r-devel-windows-ix86+x86_64 0.4.7 22.00 320.00 342.00 OK
r-patched-linux-x86_64 0.4.7 12.59 209.78 222.37 ERROR
r-patched-solaris-x86 0.4.7 364.60 OK
r-release-linux-x86_64 0.4.7 12.34 207.26 219.60 OK
r-release-windows-ix86+x86_64 0.4.7 21.00 234.00 255.00 OK
r-release-osx-x86_64 0.4.7 OK
r-oldrel-windows-ix86+x86_64 0.4.7 23.00 285.00 308.00 OK
r-oldrel-osx-x86_64 0.4.7 OK

Check Details

Version: 0.4.7
Check: tests
Result: ERROR
     Running ‘test-all.R’ [27s/29s]
    Running the tests in ‘tests/test-all.R’ failed.
    Complete output:
     > library(testthat)
     >
     > suppressWarnings(RNGversion("3.5.0"))
     >
     > test_check('ggfortify')
     Loading required package: ggfortify
     Loading required package: ggplot2
     ── 1. Error: fortify.MSwM works for sample data (@test-MSwM.R#8) ──────────────
     Lapack routine dgesv: system is exactly singular: U[6,6] = 0
     1: MSwM::msmFit(lm(Data ~ . - 1, data = d), k = 2, sw = rep(TRUE, 2), control = list(parallelization = FALSE)) at testthat/test-MSwM.R:8
     2: MSwM::msmFit(lm(Data ~ . - 1, data = d), k = 2, sw = rep(TRUE, 2), control = list(parallelization = FALSE))
     3: em(ans, control)
     4: em(ans, control)
     5: hessian(object)
     6: hessian(object)
     7: diag(solve(res$Hessian))
     8: solve(res$Hessian)
     9: solve.default(res$Hessian)
    
     ══ testthat results ═══════════════════════════════════════════════════════════
     OK: 734 SKIPPED: 47 WARNINGS: 0 FAILED: 1
     1. Error: fortify.MSwM works for sample data (@test-MSwM.R#8)
    
     Error: testthat unit tests failed
     Execution halted
Flavor: r-patched-linux-x86_64