CRAN Package Check Results for Package ggforce

Last updated on 2022-11-30 03:58:24 CET.

Flavor Version Tinstall Tcheck Ttotal Status Flags
r-devel-linux-x86_64-debian-clang 0.4.1 105.68 179.48 285.16 OK
r-devel-linux-x86_64-debian-gcc 0.4.1 83.17 133.53 216.70 OK
r-devel-linux-x86_64-fedora-clang 0.4.1 406.12 OK
r-devel-linux-x86_64-fedora-gcc 0.4.1 390.51 OK
r-devel-windows-x86_64 0.4.1 138.00 222.00 360.00 OK
r-patched-linux-x86_64 0.4.1 84.61 165.74 250.35 OK
r-release-linux-x86_64 0.4.1 85.75 167.04 252.79 OK
r-release-macos-arm64 0.4.1 93.00 NOTE
r-release-macos-x86_64 0.4.1 118.00 NOTE
r-release-windows-x86_64 0.4.1 138.00 226.00 364.00 OK
r-oldrel-macos-arm64 0.4.1 92.00 NOTE
r-oldrel-macos-x86_64 0.4.1 116.00 NOTE
r-oldrel-windows-ix86+x86_64 0.4.1 226.00 323.00 549.00 OK

Check Details

Version: 0.4.1
Check: installed package size
Result: NOTE
     installed size is 21.0Mb
     sub-directories of 1Mb or more:
     help 1.2Mb
     libs 18.9Mb
Flavors: r-release-macos-arm64, r-release-macos-x86_64, r-oldrel-macos-arm64, r-oldrel-macos-x86_64