CRAN Package Check Results for Package ggforce

Last updated on 2020-04-06 02:46:37 CEST.

Flavor Version Tinstall Tcheck Ttotal Status Flags
r-devel-linux-x86_64-debian-clang 0.3.1 109.52 141.37 250.89 OK
r-devel-linux-x86_64-debian-gcc 0.3.1 0.38 2.39 2.77 ERROR
r-devel-linux-x86_64-fedora-clang 0.3.1 314.46 NOTE
r-devel-linux-x86_64-fedora-gcc 0.3.1 294.07 NOTE
r-devel-windows-ix86+x86_64 0.3.1 146.00 214.00 360.00 OK
r-devel-windows-ix86+x86_64-gcc8 0.3.1 169.00 222.00 391.00 OK
r-patched-linux-x86_64 0.3.1 94.21 136.27 230.48 OK
r-patched-solaris-x86 0.3.1 308.20 NOTE
r-release-linux-x86_64 0.3.1 92.15 136.38 228.53 OK
r-release-windows-ix86+x86_64 0.3.1 171.00 340.00 511.00 OK
r-release-osx-x86_64 0.3.1 NOTE
r-oldrel-windows-ix86+x86_64 0.3.1 167.00 257.00 424.00 OK
r-oldrel-osx-x86_64 0.3.1 NOTE

Check Details

Version: 0.3.1
Check: whether package can be installed
Result: ERROR
    Installation failed.
Flavor: r-devel-linux-x86_64-debian-gcc

Version: 0.3.1
Check: installed package size
Result: NOTE
     installed size is 20.7Mb
     sub-directories of 1Mb or more:
     help 1.1Mb
     libs 18.7Mb
Flavors: r-devel-linux-x86_64-fedora-clang, r-release-osx-x86_64, r-oldrel-osx-x86_64

Version: 0.3.1
Check: dependencies in R code
Result: NOTE
    Namespace in Imports field not imported from: ‘withr’
     All declared Imports should be used.
Flavors: r-devel-linux-x86_64-fedora-clang, r-devel-linux-x86_64-fedora-gcc, r-patched-solaris-x86, r-release-osx-x86_64, r-oldrel-osx-x86_64