Last updated on 2023-03-25 07:59:34 CET.
Flavor | Version | Tinstall | Tcheck | Ttotal | Status | Flags |
---|---|---|---|---|---|---|
r-devel-linux-x86_64-debian-clang | 0.4.1 | 106.86 | 168.00 | 274.86 | OK | |
r-devel-linux-x86_64-debian-gcc | 0.4.1 | 85.20 | 128.10 | 213.30 | OK | |
r-devel-linux-x86_64-fedora-clang | 0.4.1 | 360.81 | OK | |||
r-devel-linux-x86_64-fedora-gcc | 0.4.1 | 364.29 | OK | |||
r-patched-linux-x86_64 | 0.4.1 | 95.56 | 158.47 | 254.03 | OK | |
r-release-linux-x86_64 | 0.4.1 | 86.68 | 161.15 | 247.83 | OK | |
r-release-macos-arm64 | 0.4.1 | 93.00 | NOTE | |||
r-release-macos-x86_64 | 0.4.1 | 118.00 | NOTE | |||
r-release-windows-x86_64 | 0.4.1 | 150.00 | 226.00 | 376.00 | OK | |
r-oldrel-macos-arm64 | 0.4.1 | 92.00 | NOTE | |||
r-oldrel-macos-x86_64 | 0.4.1 | 116.00 | NOTE | |||
r-oldrel-windows-ix86+x86_64 | 0.4.1 | 225.00 | 314.00 | 539.00 | OK |
Version: 0.4.1
Check: installed package size
Result: NOTE
installed size is 21.0Mb
sub-directories of 1Mb or more:
help 1.2Mb
libs 18.9Mb
Flavors: r-release-macos-arm64, r-release-macos-x86_64, r-oldrel-macos-arm64, r-oldrel-macos-x86_64