CRAN Package Check Results for Package ggforce

Last updated on 2020-09-22 04:49:27 CEST.

Flavor Version Tinstall Tcheck Ttotal Status Flags
r-devel-linux-x86_64-debian-clang 0.3.2 103.22 139.10 242.32 OK
r-devel-linux-x86_64-debian-gcc 0.3.2 0.41 2.52 2.93 ERROR
r-devel-linux-x86_64-fedora-clang 0.3.2 327.74 NOTE
r-devel-linux-x86_64-fedora-gcc 0.3.2 309.91 NOTE
r-devel-windows-ix86+x86_64 0.3.2 232.00 247.00 479.00 OK
r-patched-linux-x86_64 0.3.2 90.66 133.05 223.71 OK
r-patched-solaris-x86 0.3.2 307.30 NOTE
r-release-linux-x86_64 0.3.2 87.44 135.02 222.46 OK
r-release-macos-x86_64 0.3.2 NOTE
r-release-windows-ix86+x86_64 0.3.2 219.00 212.00 431.00 OK
r-oldrel-macos-x86_64 0.3.2 NOTE
r-oldrel-windows-ix86+x86_64 0.3.2 138.00 215.00 353.00 OK

Check Details

Version: 0.3.2
Check: whether package can be installed
Result: ERROR
    Installation failed.
Flavor: r-devel-linux-x86_64-debian-gcc

Version: 0.3.2
Check: installed package size
Result: NOTE
     installed size is 20.7Mb
     sub-directories of 1Mb or more:
     help 1.1Mb
     libs 18.7Mb
Flavors: r-devel-linux-x86_64-fedora-clang, r-release-macos-x86_64, r-oldrel-macos-x86_64

Version: 0.3.2
Check: dependencies in R code
Result: NOTE
    Namespace in Imports field not imported from: ‘withr’
     All declared Imports should be used.
Flavors: r-devel-linux-x86_64-fedora-clang, r-devel-linux-x86_64-fedora-gcc, r-patched-solaris-x86, r-release-macos-x86_64, r-oldrel-macos-x86_64