CRAN Package Check Results for Package ggforce

Last updated on 2020-07-14 23:48:02 CEST.

Flavor Version Tinstall Tcheck Ttotal Status Flags
r-devel-linux-x86_64-debian-clang 0.3.2 107.83 141.02 248.85 OK
r-devel-linux-x86_64-debian-gcc 0.3.2 84.96 104.26 189.22 OK
r-devel-linux-x86_64-fedora-clang 0.3.2 321.55 NOTE
r-devel-linux-x86_64-fedora-gcc 0.3.2 306.24 NOTE
r-devel-windows-ix86+x86_64 0.3.2 245.00 314.00 559.00 OK
r-patched-linux-x86_64 0.3.2 87.94 136.46 224.40 OK
r-patched-solaris-x86 0.3.2 306.80 NOTE
r-release-linux-x86_64 0.3.2 87.07 135.87 222.94 OK
r-release-macos-x86_64 0.3.2 ERROR
r-release-windows-ix86+x86_64 0.3.2 242.00 238.00 480.00 OK
r-oldrel-macos-x86_64 0.3.2 NOTE
r-oldrel-windows-ix86+x86_64 0.3.2 210.00 320.00 530.00 OK

Check Details

Version: 0.3.2
Check: installed package size
Result: NOTE
     installed size is 20.7Mb
     sub-directories of 1Mb or more:
     help 1.1Mb
     libs 18.7Mb
Flavors: r-devel-linux-x86_64-fedora-clang, r-oldrel-macos-x86_64

Version: 0.3.2
Check: dependencies in R code
Result: NOTE
    Namespace in Imports field not imported from: ‘withr’
     All declared Imports should be used.
Flavors: r-devel-linux-x86_64-fedora-clang, r-devel-linux-x86_64-fedora-gcc, r-patched-solaris-x86, r-oldrel-macos-x86_64

Version: 0.3.2
Check: whether package can be installed
Result: ERROR
    Installation failed.
Flavor: r-release-macos-x86_64