Last updated on 2023-10-03 01:04:52 CEST.
Flavor | Version | Tinstall | Tcheck | Ttotal | Status | Flags |
---|---|---|---|---|---|---|
r-devel-linux-x86_64-debian-clang | 0.4.1 | 109.47 | 167.63 | 277.10 | NOTE | |
r-devel-linux-x86_64-debian-gcc | 0.4.1 | 79.28 | 128.28 | 207.56 | NOTE | |
r-devel-linux-x86_64-fedora-clang | 0.4.1 | 377.89 | NOTE | |||
r-devel-linux-x86_64-fedora-gcc | 0.4.1 | 391.36 | NOTE | |||
r-devel-windows-x86_64 | 0.4.1 | 84.00 | 170.00 | 254.00 | NOTE | |
r-patched-linux-x86_64 | 0.4.1 | 110.89 | 166.54 | 277.43 | OK | |
r-release-linux-x86_64 | 0.4.1 | 108.12 | 166.36 | 274.48 | OK | |
r-release-macos-arm64 | 0.4.1 | 99.00 | NOTE | |||
r-release-macos-x86_64 | 0.4.1 | 169.00 | NOTE | |||
r-release-windows-x86_64 | 0.4.1 | 102.00 | 209.00 | 311.00 | OK | |
r-oldrel-macos-arm64 | 0.4.1 | 93.00 | NOTE | |||
r-oldrel-macos-x86_64 | 0.4.1 | 118.00 | NOTE | |||
r-oldrel-windows-x86_64 | 0.4.1 | 99.00 | 185.00 | 284.00 | OK |
Version: 0.4.1
Check: Rd \usage sections
Result: NOTE
Documented arguments not in \usage in documentation object 'interpolateDataFrame':
‘A’
Functions with \usage entries need to have the appropriate \alias
entries, and all their arguments documented.
The \usage entries must correspond to syntactically valid R code.
See chapter ‘Writing R documentation files’ in the ‘Writing R
Extensions’ manual.
Flavors: r-devel-linux-x86_64-debian-clang, r-devel-linux-x86_64-debian-gcc, r-devel-linux-x86_64-fedora-clang, r-devel-linux-x86_64-fedora-gcc, r-devel-windows-x86_64
Version: 0.4.1
Check: installed package size
Result: NOTE
installed size is 20.9Mb
sub-directories of 1Mb or more:
help 1.2Mb
libs 19.0Mb
Flavors: r-release-macos-arm64, r-release-macos-x86_64, r-oldrel-macos-arm64, r-oldrel-macos-x86_64