CRAN Package Check Results for Package ggforce

Last updated on 2022-01-24 02:51:01 CET.

Flavor Version Tinstall Tcheck Ttotal Status Flags
r-devel-linux-x86_64-debian-clang 0.3.3 103.87 166.92 270.79 NOTE
r-devel-linux-x86_64-debian-gcc 0.3.3 82.18 121.71 203.89 NOTE
r-devel-linux-x86_64-fedora-clang 0.3.3 352.09 NOTE
r-devel-linux-x86_64-fedora-gcc 0.3.3 323.61 NOTE
r-devel-windows-x86_64-new-UL 0.3.3 162.00 205.00 367.00 NOTE
r-devel-windows-x86_64-new-TK 0.3.3 NOTE
r-patched-linux-x86_64 0.3.3 94.49 152.62 247.11 NOTE
r-release-linux-x86_64 0.3.3 96.57 153.76 250.33 NOTE
r-release-macos-arm64 0.3.3 NOTE
r-release-macos-x86_64 0.3.3 NOTE
r-release-windows-ix86+x86_64 0.3.3 221.00 275.00 496.00 ERROR
r-oldrel-macos-x86_64 0.3.3 NOTE
r-oldrel-windows-ix86+x86_64 0.3.3 222.00 295.00 517.00 OK

Check Details

Version: 0.3.3
Check: LazyData
Result: NOTE
     'LazyData' is specified without a 'data' directory
Flavors: r-devel-linux-x86_64-debian-clang, r-devel-linux-x86_64-debian-gcc, r-devel-linux-x86_64-fedora-clang, r-devel-linux-x86_64-fedora-gcc, r-devel-windows-x86_64-new-UL, r-devel-windows-x86_64-new-TK, r-patched-linux-x86_64, r-release-linux-x86_64, r-release-macos-arm64, r-release-macos-x86_64, r-release-windows-ix86+x86_64

Version: 0.3.3
Check: installed package size
Result: NOTE
     installed size is 18.9Mb
     sub-directories of 1Mb or more:
     help 1.1Mb
     libs 16.9Mb
Flavors: r-devel-linux-x86_64-fedora-clang, r-release-macos-arm64, r-release-macos-x86_64, r-oldrel-macos-x86_64

Version: 0.3.3
Check: dependencies in R code
Result: NOTE
    Namespace in Imports field not imported from: ‘withr’
     All declared Imports should be used.
Flavors: r-devel-linux-x86_64-fedora-clang, r-devel-linux-x86_64-fedora-gcc, r-devel-windows-x86_64-new-TK, r-release-macos-arm64, r-release-macos-x86_64, r-oldrel-macos-x86_64

Version: 0.3.3
Check: running examples for arch ‘x64’
Result: ERROR
    Running examples in 'ggforce-Ex.R' failed
    The error most likely occurred in:
    
    > ### Name: n_pages
    > ### Title: Determine the number of pages in a paginated facet plot
    > ### Aliases: n_pages
    >
    > ### ** Examples
    >
    > p <- ggplot(diamonds) +
    + geom_point(aes(carat, price), alpha = 0.1) +
    + facet_wrap_paginate(~ cut:clarity, ncol = 3, nrow = 3, page = 1)
    > n_pages(p)
    Error in utils::packageVersion("ggplot2") :
     there is no package called 'ggplot2'
    Calls: n_pages -> <Anonymous>
    Execution halted
Flavor: r-release-windows-ix86+x86_64

Version: 0.3.3
Check: PDF version of manual
Result: ERROR
    Rd conversion errors:
    Warning in file(outfile, "wt") :
     cannot open file 'D:/temp/Rtmpsv8NAu/Rd2pdf21c04f88409/Rd2.tex': No such file or directory
    Error in file(outfile, "wt") : cannot open the connection
Flavor: r-release-windows-ix86+x86_64