CRAN Package Check Results for Package gge

Last updated on 2019-07-19 15:46:59 CEST.

Flavor Version Tinstall Tcheck Ttotal Status Flags
r-devel-linux-x86_64-debian-clang 1.4 2.58 38.70 41.28 OK
r-devel-linux-x86_64-debian-gcc 1.4 2.13 29.10 31.23 OK
r-devel-linux-x86_64-fedora-clang 1.4 49.25 OK
r-devel-linux-x86_64-fedora-gcc 1.4 51.74 OK
r-devel-windows-ix86+x86_64 1.4 10.00 49.00 59.00 OK
r-patched-linux-x86_64 1.4 2.78 36.63 39.41 OK
r-patched-solaris-x86 1.4 75.50 OK
r-release-linux-x86_64 1.4 2.89 37.50 40.39 OK
r-release-windows-ix86+x86_64 1.4 6.00 49.00 55.00 OK
r-release-osx-x86_64 1.4 ERROR
r-oldrel-windows-ix86+x86_64 1.4 4.00 66.00 70.00 OK
r-oldrel-osx-x86_64 1.4 OK

Check Details

Version: 1.4
Check: tests
Result: ERROR
     Running ‘testthat.R’ [3s/5s]
    Running the tests in ‘tests/testthat.R’ failed.
    Last 13 lines of output:
     Switching to 'nipals' method.
     Missing values detected: (3%)
     Missing values detected: (3%)
     Switching to 'nipals' method.
     Missing values detected: (3%)
     Switching to 'nipals' method.
     ── 1. Failure: rgl works (@test_gge.R#162) ────────────────────────────────────
     `{ ... }` produced warnings.
    
     ══ testthat results ═══════════════════════════════════════════════════════════
     OK: 14 SKIPPED: 0 FAILED: 1
     1. Failure: rgl works (@test_gge.R#162)
    
     Error: testthat unit tests failed
     Execution halted
Flavor: r-release-osx-x86_64