CRAN Package Check Results for Package ggdag

Last updated on 2018-08-19 04:46:54 CEST.

Flavor Version Tinstall Tcheck Ttotal Status Flags
r-devel-linux-x86_64-debian-clang 0.1.0 6.10 123.68 129.78 OK
r-devel-linux-x86_64-debian-gcc 0.1.0 5.22 97.54 102.76 OK
r-devel-linux-x86_64-fedora-clang 0.1.0 156.10 NOTE
r-devel-linux-x86_64-fedora-gcc 0.1.0 151.16 NOTE
r-devel-windows-ix86+x86_64 0.1.0 21.00 186.00 207.00 OK
r-patched-linux-x86_64 0.1.0 5.57 119.04 124.61 OK
r-patched-solaris-x86 0.1.0 202.20 NOTE
r-release-linux-x86_64 0.1.0 4.76 118.41 123.17 OK
r-release-windows-ix86+x86_64 0.1.0 20.00 156.00 176.00 OK
r-release-osx-x86_64 0.1.0 NOTE
r-oldrel-windows-ix86+x86_64 0.1.0 10.00 152.00 162.00 OK
r-oldrel-osx-x86_64 0.1.0 NOTE

Check Details

Version: 0.1.0
Check: dependencies in R code
Result: NOTE
    Namespaces in Imports field not imported from:
     ‘ggforce’ ‘plyr’
     All declared Imports should be used.
Flavors: r-devel-linux-x86_64-fedora-clang, r-devel-linux-x86_64-fedora-gcc, r-patched-solaris-x86, r-release-osx-x86_64, r-oldrel-osx-x86_64