CRAN Package Check Results for Package ggdag

Last updated on 2018-10-18 00:48:09 CEST.

Flavor Version Tinstall Tcheck Ttotal Status Flags
r-devel-linux-x86_64-debian-clang 0.1.0 6.04 124.00 130.04 OK
r-devel-linux-x86_64-debian-gcc 0.1.0 4.21 97.63 101.84 OK
r-devel-linux-x86_64-fedora-clang 0.1.0 151.83 NOTE
r-devel-linux-x86_64-fedora-gcc 0.1.0 151.95 NOTE
r-devel-windows-ix86+x86_64 0.1.0 21.00 188.00 209.00 OK
r-patched-linux-x86_64 0.1.0 4.63 119.84 124.47 OK
r-patched-solaris-x86 0.1.0 197.90 NOTE
r-release-linux-x86_64 0.1.0 4.90 119.78 124.68 OK
r-release-windows-ix86+x86_64 0.1.0 17.00 133.00 150.00 OK
r-release-osx-x86_64 0.1.0 NOTE
r-oldrel-windows-ix86+x86_64 0.1.0 15.00 168.00 183.00 OK
r-oldrel-osx-x86_64 0.1.0 NOTE

Check Details

Version: 0.1.0
Check: dependencies in R code
Result: NOTE
    Namespaces in Imports field not imported from:
     ‘ggforce’ ‘plyr’
     All declared Imports should be used.
Flavors: r-devel-linux-x86_64-fedora-clang, r-devel-linux-x86_64-fedora-gcc, r-patched-solaris-x86, r-release-osx-x86_64, r-oldrel-osx-x86_64