CRAN Package Check Results for Package ggbreak

Last updated on 2021-08-05 12:57:07 CEST.

Flavor Version Tinstall Tcheck Ttotal Status Flags
r-devel-linux-x86_64-debian-clang 0.0.3 5.12 81.64 86.76 OK
r-devel-linux-x86_64-debian-gcc 0.0.3 4.00 59.91 63.91 OK
r-devel-linux-x86_64-fedora-clang 0.0.3 117.24 OK
r-devel-linux-x86_64-fedora-gcc 0.0.3 105.67 OK
r-devel-windows-x86_64 0.0.3 10.00 101.00 111.00 OK
r-devel-windows-x86_64-gcc10-UCRT 0.0.3 ERROR
r-patched-linux-x86_64 0.0.3 5.00 75.35 80.35 OK
r-patched-solaris-x86 0.0.3 131.50 OK
r-release-linux-x86_64 0.0.3 4.70 75.83 80.53 OK
r-release-macos-arm64 0.0.3 WARN
r-release-macos-x86_64 0.0.3 OK
r-release-windows-ix86+x86_64 0.0.3 13.00 100.00 113.00 OK
r-oldrel-macos-x86_64 0.0.3 ERROR
r-oldrel-windows-ix86+x86_64 0.0.3 15.00 72.00 87.00 OK

Check Details

Version: 0.0.3
Check: package dependencies
Result: ERROR
    Packages required but not available: 'ggplot2', 'ggplotify', 'aplot'
    
    Package suggested but not available for checking: 'patchwork'
    
    See section 'The DESCRIPTION file' in the 'Writing R Extensions'
    manual.
Flavor: r-devel-windows-x86_64-gcc10-UCRT

Version: 0.0.3
Check: re-building of vignette outputs
Result: WARN
    Error(s) in re-building vignettes:
    --- re-building ‘ggbreak.Rmd’ using rmarkdown
    Warning in engine$weave(file, quiet = quiet, encoding = enc) :
     Pandoc (>= 1.12.3) not available. Falling back to R Markdown v1.
    Warning in grid.Call(C_stringMetric, as.graphicsAnnot(x$label)) :
     no font could be found for family "Arial"
    Warning in grid.Call(C_stringMetric, as.graphicsAnnot(x$label)) :
     no font could be found for family "Arial"
    Warning in grid.Call(C_stringMetric, as.graphicsAnnot(x$label)) :
     no font could be found for family "Arial"
    Warning in grid.Call(C_stringMetric, as.graphicsAnnot(x$label)) :
     no font could be found for family "Arial"
    Warning in grid.Call(C_stringMetric, as.graphicsAnnot(x$label)) :
     no font could be found for family "Arial"
    Warning in grid.Call(C_stringMetric, as.graphicsAnnot(x$label)) :
     no font could be found for family "Arial"
    Warning in grid.Call(C_stringMetric, as.graphicsAnnot(x$label)) :
     no font could be found for family "Arial"
    Warning in grid.Call(C_stringMetric, as.graphicsAnnot(x$label)) :
     no font could be found for family "Arial"
    Warning in grid.Call(C_stringMetric, as.graphicsAnnot(x$label)) :
     no font could be found for family "Arial"
    Warning in grid.Call(C_stringMetric, as.graphicsAnnot(x$label)) :
     no font could be found for family "Arial"
    Warning in grid.Call(C_stringMetric, as.graphicsAnnot(x$label)) :
     no font could be found for family "Arial"
    Warning in grid.Call(C_stringMetric, as.graphicsAnnot(x$label)) :
     no font could be found for family "Arial"
    Warning in grid.Call(C_stringMetric, as.graphicsAnnot(x$label)) :
     no font could be found for family "Arial"
    Warning in grid.Call(C_stringMetric, as.graphicsAnnot(x$label)) :
     no font could be found for family "Arial"
    Warning in grid.Call(C_textBounds, as.graphicsAnnot(x$label), x$x, x$y, :
     no font could be found for family "Arial"
    Quitting from lines 54-70 (ggbreak.Rmd)
    Error: processing vignette 'ggbreak.Rmd' failed with diagnostics:
    polygon edge not found
    --- failed re-building ‘ggbreak.Rmd’
    
    SUMMARY: processing the following file failed:
     ‘ggbreak.Rmd’
    
    Error: Vignette re-building failed.
    Execution halted
Flavor: r-release-macos-arm64

Version: 0.0.3
Check: whether package can be installed
Result: ERROR
    Installation failed.
Flavor: r-oldrel-macos-x86_64