CRAN Package Check Results for Package gganimate

Last updated on 2020-10-26 10:49:56 CET.

Flavor Version Tinstall Tcheck Ttotal Status Flags
r-devel-linux-x86_64-debian-clang 1.0.7 12.05 223.77 235.82 OK
r-devel-linux-x86_64-debian-gcc 1.0.7 9.88 158.69 168.57 OK
r-devel-linux-x86_64-fedora-clang 1.0.7 275.31 OK
r-devel-linux-x86_64-fedora-gcc 1.0.7 262.26 OK
r-devel-windows-ix86+x86_64 1.0.7 23.00 251.00 274.00 OK
r-patched-linux-x86_64 1.0.7 12.38 203.05 215.43 OK
r-patched-solaris-x86 1.0.7 442.90 NOTE
r-release-linux-x86_64 1.0.7 11.50 200.14 211.64 OK
r-release-macos-x86_64 1.0.7 OK
r-release-windows-ix86+x86_64 1.0.7 18.00 162.00 180.00 OK
r-oldrel-macos-x86_64 1.0.7 OK
r-oldrel-windows-ix86+x86_64 1.0.7 22.00 275.00 297.00 OK

Check Details

Version: 1.0.7
Check: package dependencies
Result: NOTE
    Packages suggested but not available for checking: 'av', 'gifski', 'ragg'
Flavor: r-patched-solaris-x86