Last updated on 2023-03-22 05:52:27 CET.
Flavor | Version | Tinstall | Tcheck | Ttotal | Status | Flags |
---|---|---|---|---|---|---|
r-devel-linux-x86_64-debian-clang | 1.0.2 | 6.02 | 74.79 | 80.81 | NOTE | |
r-devel-linux-x86_64-debian-gcc | 1.0.2 | 5.15 | 54.70 | 59.85 | NOTE | |
r-devel-linux-x86_64-fedora-clang | 1.0.2 | 101.64 | NOTE | |||
r-devel-linux-x86_64-fedora-gcc | 1.0.2 | 102.24 | NOTE | |||
r-patched-linux-x86_64 | 1.0.2 | 6.59 | 68.38 | 74.97 | OK | |
r-release-linux-x86_64 | 1.0.2 | 5.52 | 70.80 | 76.32 | OK | |
r-release-macos-arm64 | 1.0.2 | 31.00 | OK | |||
r-release-macos-x86_64 | 1.0.2 | 59.00 | OK | |||
r-release-windows-x86_64 | 1.0.2 | 28.00 | 109.00 | 137.00 | OK | |
r-oldrel-macos-arm64 | 1.0.2 | 31.00 | OK | |||
r-oldrel-macos-x86_64 | 1.0.2 | 47.00 | OK | |||
r-oldrel-windows-ix86+x86_64 | 1.0.2 | 16.00 | 101.00 | 117.00 | OK |
Version: 1.0.2
Check: package subdirectories
Result: NOTE
Problems with news in ‘NEWS.md’:
Cannot extract version info from the following section titles:
Win CRAN check results - R Windows
Flavors: r-devel-linux-x86_64-debian-clang, r-devel-linux-x86_64-debian-gcc, r-devel-linux-x86_64-fedora-clang, r-devel-linux-x86_64-fedora-gcc