Last updated on 2023-03-23 20:50:32 CET.
Flavor | Version | Tinstall | Tcheck | Ttotal | Status | Flags |
---|---|---|---|---|---|---|
r-devel-linux-x86_64-debian-clang | 0.1.5 | 7.68 | 54.33 | 62.01 | NOTE | |
r-devel-linux-x86_64-debian-gcc | 0.1.5 | 5.81 | 41.48 | 47.29 | NOTE | |
r-devel-linux-x86_64-fedora-clang | 0.1.5 | 77.18 | NOTE | |||
r-devel-linux-x86_64-fedora-gcc | 0.1.5 | 72.16 | NOTE | |||
r-patched-linux-x86_64 | 0.1.5 | 7.89 | 54.90 | 62.79 | NOTE | |
r-release-linux-x86_64 | 0.1.5 | 7.50 | 52.64 | 60.14 | NOTE | |
r-release-macos-arm64 | 0.1.5 | 33.00 | NOTE | |||
r-release-macos-x86_64 | 0.1.5 | 60.00 | NOTE | |||
r-release-windows-x86_64 | 0.1.5 | 29.00 | 87.00 | 116.00 | NOTE | |
r-oldrel-macos-arm64 | 0.1.5 | 30.00 | NOTE | |||
r-oldrel-macos-x86_64 | 0.1.5 | 61.00 | NOTE | |||
r-oldrel-windows-ix86+x86_64 | 0.1.5 | 18.00 | 89.00 | 107.00 | NOTE |
Version: 0.1.5
Check: LazyData
Result: NOTE
'LazyData' is specified without a 'data' directory
Flavors: r-devel-linux-x86_64-debian-clang, r-devel-linux-x86_64-debian-gcc, r-devel-linux-x86_64-fedora-clang, r-devel-linux-x86_64-fedora-gcc, r-patched-linux-x86_64, r-release-linux-x86_64, r-release-macos-arm64, r-release-macos-x86_64, r-release-windows-x86_64, r-oldrel-macos-arm64, r-oldrel-macos-x86_64, r-oldrel-windows-ix86+x86_64