CRAN Package Check Results for Package ggQQunif

Last updated on 2019-04-23 15:50:46 CEST.

Flavor Version Tinstall Tcheck Ttotal Status Flags
r-devel-linux-x86_64-debian-clang 0.1.5 2.57 22.65 25.22 OK
r-devel-linux-x86_64-debian-gcc 0.1.5 2.18 17.79 19.97 OK
r-devel-linux-x86_64-fedora-clang 0.1.5 29.80 NOTE
r-devel-linux-x86_64-fedora-gcc 0.1.5 28.54 NOTE
r-devel-windows-ix86+x86_64 0.1.5 11.00 34.00 45.00 OK
r-patched-linux-x86_64 0.1.5 2.73 21.97 24.70 OK
r-patched-solaris-x86 0.1.5 46.30 NOTE
r-release-linux-x86_64 0.1.5 1.30 20.81 22.11 OK
r-release-windows-ix86+x86_64 0.1.5 3.00 58.00 61.00 OK
r-release-osx-x86_64 0.1.5 NOTE
r-oldrel-windows-ix86+x86_64 0.1.5 5.00 48.00 53.00 OK
r-oldrel-osx-x86_64 0.1.5 NOTE

Check Details

Version: 0.1.5
Check: dependencies in R code
Result: NOTE
    Namespace in Imports field not imported from: ‘dplyr’
     All declared Imports should be used.
Flavors: r-devel-linux-x86_64-fedora-clang, r-devel-linux-x86_64-fedora-gcc, r-patched-solaris-x86, r-release-osx-x86_64, r-oldrel-osx-x86_64