CRAN Package Check Results for Package ggQQunif

Last updated on 2019-07-15 22:55:03 CEST.

Flavor Version Tinstall Tcheck Ttotal Status Flags
r-devel-linux-x86_64-debian-clang 0.1.5 2.89 22.74 25.63 OK
r-devel-linux-x86_64-debian-gcc 0.1.5 2.55 18.10 20.65 OK
r-devel-linux-x86_64-fedora-clang 0.1.5 30.50 NOTE
r-devel-linux-x86_64-fedora-gcc 0.1.5 31.77 NOTE
r-devel-windows-ix86+x86_64 0.1.5 12.00 116.00 128.00 OK
r-patched-linux-x86_64 0.1.5 2.36 22.40 24.76 OK
r-patched-solaris-x86 0.1.5 48.50 NOTE
r-release-linux-x86_64 0.1.5 2.91 22.35 25.26 OK
r-release-windows-ix86+x86_64 0.1.5 8.00 59.00 67.00 OK
r-release-osx-x86_64 0.1.5 NOTE
r-oldrel-windows-ix86+x86_64 0.1.5 7.00 57.00 64.00 OK
r-oldrel-osx-x86_64 0.1.5 NOTE

Check Details

Version: 0.1.5
Check: dependencies in R code
Result: NOTE
    Namespace in Imports field not imported from: ‘dplyr’
     All declared Imports should be used.
Flavors: r-devel-linux-x86_64-fedora-clang, r-devel-linux-x86_64-fedora-gcc, r-patched-solaris-x86, r-release-osx-x86_64, r-oldrel-osx-x86_64