CRAN Package Check Results for Package ggExtra

Last updated on 2019-06-24 15:48:12 CEST.

Flavor Version Tinstall Tcheck Ttotal Status Flags
r-devel-linux-x86_64-debian-clang 0.8 3.48 51.60 55.08 OK
r-devel-linux-x86_64-debian-gcc 0.8 2.57 39.88 42.45 OK
r-devel-linux-x86_64-fedora-clang 0.8 63.14 NOTE
r-devel-linux-x86_64-fedora-gcc 0.8 61.55 NOTE
r-devel-windows-ix86+x86_64 0.8 11.00 68.00 79.00 OK
r-patched-linux-x86_64 0.8 2.90 50.81 53.71 OK
r-patched-solaris-x86 0.8 96.30 NOTE
r-release-linux-x86_64 0.8 3.11 50.42 53.53 OK
r-release-windows-ix86+x86_64 0.8 7.00 96.00 103.00 OK
r-release-osx-x86_64 0.8 NOTE
r-oldrel-windows-ix86+x86_64 0.8 4.00 66.00 70.00 OK
r-oldrel-osx-x86_64 0.8 NOTE

Check Details

Version: 0.8
Check: dependencies in R code
Result: NOTE
    Namespace in Imports field not imported from: ‘grDevices’
     All declared Imports should be used.
Flavors: r-devel-linux-x86_64-fedora-clang, r-devel-linux-x86_64-fedora-gcc, r-patched-solaris-x86, r-release-osx-x86_64, r-oldrel-osx-x86_64