CRAN Package Check Results for Package ggExtra

Last updated on 2019-04-20 02:54:23 CEST.

Flavor Version Tinstall Tcheck Ttotal Status Flags
r-devel-linux-x86_64-debian-clang 0.8 3.07 51.23 54.30 OK
r-devel-linux-x86_64-debian-gcc 0.8 3.43 42.92 46.35 OK
r-devel-linux-x86_64-fedora-clang 0.8 63.44 NOTE
r-devel-linux-x86_64-fedora-gcc 0.8 60.35 NOTE
r-devel-windows-ix86+x86_64 0.8 16.00 93.00 109.00 OK
r-patched-linux-x86_64 0.8 3.26 49.75 53.01 OK
r-patched-solaris-x86 0.8 88.30 NOTE
r-release-linux-x86_64 0.8 2.50 50.24 52.74 OK
r-release-windows-ix86+x86_64 0.8 4.00 69.00 73.00 OK
r-release-osx-x86_64 0.8 NOTE
r-oldrel-windows-ix86+x86_64 0.8 12.00 104.00 116.00 OK
r-oldrel-osx-x86_64 0.8 NOTE

Check Details

Version: 0.8
Check: dependencies in R code
Result: NOTE
    Namespace in Imports field not imported from: ‘grDevices’
     All declared Imports should be used.
Flavors: r-devel-linux-x86_64-fedora-clang, r-devel-linux-x86_64-fedora-gcc, r-patched-solaris-x86, r-release-osx-x86_64, r-oldrel-osx-x86_64