CRAN Package Check Results for Package ggDCA

Last updated on 2022-09-24 21:51:03 CEST.

Flavor Version Tinstall Tcheck Ttotal Status Flags
r-devel-linux-x86_64-debian-clang 1.1 17.43 132.95 150.38 OK
r-devel-linux-x86_64-debian-gcc 1.1 14.32 98.72 113.04 OK
r-devel-linux-x86_64-fedora-clang 1.1 188.10 NOTE
r-devel-linux-x86_64-fedora-gcc 1.1 200.30 NOTE
r-devel-windows-x86_64 1.1 21.00 153.00 174.00 OK
r-patched-linux-x86_64 1.1 15.41 125.28 140.69 OK
r-release-linux-x86_64 1.1 13.63 127.06 140.69 OK
r-release-macos-arm64 1.1 58.00 NOTE
r-release-macos-x86_64 1.1 84.00 NOTE
r-release-windows-x86_64 1.1 23.00 149.00 172.00 OK
r-oldrel-macos-arm64 1.1 58.00 NOTE
r-oldrel-macos-x86_64 1.1 82.00 NOTE
r-oldrel-windows-ix86+x86_64 1.1 39.00 148.00 187.00 OK

Check Details

Version: 1.1
Check: dependencies in R code
Result: NOTE
    Namespaces in Imports field not imported from:
     ‘do’ ‘survival’
     All declared Imports should be used.
Flavors: r-devel-linux-x86_64-fedora-clang, r-devel-linux-x86_64-fedora-gcc, r-release-macos-arm64, r-release-macos-x86_64, r-oldrel-macos-arm64, r-oldrel-macos-x86_64