CRAN Package Check Results for Package gfilogisreg

Last updated on 2021-11-26 21:52:30 CET.

Flavor Version Tinstall Tcheck Ttotal Status Flags
r-devel-linux-x86_64-debian-clang 1.0.1 44.14 94.13 138.27 NOTE
r-devel-linux-x86_64-debian-gcc 1.0.1 32.99 72.55 105.54 NOTE
r-devel-linux-x86_64-fedora-clang 1.0.1 194.09 NOTE
r-devel-linux-x86_64-fedora-gcc 1.0.1 175.56 NOTE
r-devel-windows-x86_64-new-UL 1.0.1 65.00 162.00 227.00 NOTE
r-devel-windows-x86_64-new-TK 1.0.1 NOTE
r-devel-windows-x86_64-old 1.0.1 53.00 133.00 186.00 NOTE
r-patched-linux-x86_64 1.0.1 43.41 89.41 132.82 NOTE
r-patched-solaris-x86 1.0.1 201.40 NOTE
r-release-linux-x86_64 1.0.1 NOTE
r-release-macos-arm64 1.0.1 NOTE
r-release-macos-x86_64 1.0.1 NOTE
r-release-windows-ix86+x86_64 1.0.1 115.00 122.00 237.00 NOTE
r-oldrel-macos-x86_64 1.0.1 OK
r-oldrel-windows-ix86+x86_64 1.0.1 101.00 176.00 277.00 OK

Check Details

Version: 1.0.1
Check: LazyData
Result: NOTE
     'LazyData' is specified without a 'data' directory
Flavors: r-devel-linux-x86_64-debian-clang, r-devel-linux-x86_64-debian-gcc, r-devel-linux-x86_64-fedora-clang, r-devel-linux-x86_64-fedora-gcc, r-devel-windows-x86_64-new-UL, r-devel-windows-x86_64-new-TK, r-devel-windows-x86_64-old, r-patched-linux-x86_64, r-patched-solaris-x86, r-release-linux-x86_64, r-release-macos-arm64, r-release-macos-x86_64, r-release-windows-ix86+x86_64