CRAN Package Check Results for Package gethr

Last updated on 2021-06-25 00:49:39 CEST.

Flavor Version Tinstall Tcheck Ttotal Status Flags
r-devel-linux-x86_64-debian-clang 0.1.0 3.85 46.63 50.48 NOTE
r-devel-linux-x86_64-debian-gcc 0.1.0 3.62 37.33 40.95 NOTE
r-devel-linux-x86_64-fedora-clang 0.1.0 71.99 NOTE
r-devel-linux-x86_64-fedora-gcc 0.1.0 61.37 NOTE
r-devel-windows-x86_64 0.1.0 9.00 68.00 77.00 NOTE
r-devel-windows-x86_64-gcc10-UCRT 0.1.0 NOTE
r-patched-linux-x86_64 0.1.0 9.78 45.80 55.58 NOTE
r-patched-solaris-x86 0.1.0 86.10 NOTE
r-release-linux-x86_64 0.1.0 4.37 45.30 49.67 NOTE
r-release-macos-arm64 0.1.0 NOTE
r-release-macos-x86_64 0.1.0 NOTE
r-release-windows-ix86+x86_64 0.1.0 7.00 65.00 72.00 NOTE
r-oldrel-macos-x86_64 0.1.0 OK
r-oldrel-windows-ix86+x86_64 0.1.0 8.00 72.00 80.00 OK

Check Details

Version: 0.1.0
Check: LazyData
Result: NOTE
     'LazyData' is specified without a 'data' directory
Flavors: r-devel-linux-x86_64-debian-clang, r-devel-linux-x86_64-debian-gcc, r-devel-linux-x86_64-fedora-clang, r-devel-linux-x86_64-fedora-gcc, r-devel-windows-x86_64, r-devel-windows-x86_64-gcc10-UCRT, r-patched-linux-x86_64, r-patched-solaris-x86, r-release-linux-x86_64, r-release-macos-arm64, r-release-macos-x86_64, r-release-windows-ix86+x86_64