CRAN Package Check Results for Package getable

Last updated on 2022-08-09 12:53:26 CEST.

Flavor Version Tinstall Tcheck Ttotal Status Flags
r-devel-linux-x86_64-debian-clang 1.0.3 1.57 24.15 25.72 NOTE
r-devel-linux-x86_64-debian-gcc 1.0.3 1.63 19.27 20.90 NOTE
r-devel-linux-x86_64-fedora-clang 1.0.3 45.89 NOTE
r-devel-linux-x86_64-fedora-gcc 1.0.3 42.45 NOTE
r-devel-windows-x86_64 1.0.3 43.00 50.00 93.00 NOTE
r-patched-linux-x86_64 1.0.3 1.78 23.86 25.64 NOTE
r-release-linux-x86_64 1.0.3 NOTE
r-release-macos-arm64 1.0.3 18.00 NOTE
r-release-macos-x86_64 1.0.3 21.00 NOTE
r-release-windows-x86_64 1.0.3 19.00 54.00 73.00 NOTE
r-oldrel-macos-arm64 1.0.3 21.00 NOTE
r-oldrel-macos-x86_64 1.0.3 29.00 NOTE
r-oldrel-windows-ix86+x86_64 1.0.3 6.00 42.00 48.00 NOTE

Check Details

Version: 1.0.3
Check: LazyData
Result: NOTE
     'LazyData' is specified without a 'data' directory
Flavors: r-devel-linux-x86_64-debian-clang, r-devel-linux-x86_64-debian-gcc, r-devel-linux-x86_64-fedora-clang, r-devel-linux-x86_64-fedora-gcc, r-devel-windows-x86_64, r-patched-linux-x86_64, r-release-linux-x86_64, r-release-macos-arm64, r-release-macos-x86_64, r-release-windows-x86_64, r-oldrel-macos-arm64, r-oldrel-macos-x86_64, r-oldrel-windows-ix86+x86_64