CRAN Package Check Results for Package geotools

Last updated on 2022-12-09 01:50:29 CET.

Flavor Version Tinstall Tcheck Ttotal Status Flags
r-devel-linux-x86_64-debian-clang 0.1 2.14 22.78 24.92 NOTE
r-devel-linux-x86_64-debian-gcc 0.1 2.06 18.03 20.09 NOTE
r-devel-linux-x86_64-fedora-clang 0.1 42.22 NOTE
r-devel-linux-x86_64-fedora-gcc 0.1 40.56 NOTE
r-devel-windows-x86_64 0.1 12.00 46.00 58.00 NOTE
r-patched-linux-x86_64 0.1 2.54 22.39 24.93 NOTE
r-release-linux-x86_64 0.1 1.66 22.82 24.48 NOTE
r-release-macos-arm64 0.1 15.00 NOTE
r-release-macos-x86_64 0.1 21.00 NOTE
r-release-windows-x86_64 0.1 7.00 45.00 52.00 NOTE
r-oldrel-macos-arm64 0.1 18.00 NOTE
r-oldrel-macos-x86_64 0.1 27.00 NOTE
r-oldrel-windows-ix86+x86_64 0.1 5.00 23.00 28.00 NOTE

Check Details

Version: 0.1
Check: DESCRIPTION meta-information
Result: NOTE
    Malformed Description field: should contain one or more complete sentences.
Flavors: r-devel-linux-x86_64-debian-clang, r-devel-linux-x86_64-debian-gcc, r-devel-linux-x86_64-fedora-clang, r-devel-linux-x86_64-fedora-gcc, r-devel-windows-x86_64, r-patched-linux-x86_64, r-release-linux-x86_64, r-release-macos-arm64, r-release-macos-x86_64, r-release-windows-x86_64, r-oldrel-macos-arm64, r-oldrel-macos-x86_64, r-oldrel-windows-ix86+x86_64

Version: 0.1
Check: R code for possible problems
Result: NOTE
    Found the following calls to data() loading into the global environment:
    File 'geotools/R/zzz.R':
     data(fr_geo_rad)
    See section 'Good practice' in '?data'.
Flavors: r-devel-linux-x86_64-debian-clang, r-devel-linux-x86_64-debian-gcc, r-devel-linux-x86_64-fedora-clang, r-patched-linux-x86_64, r-release-linux-x86_64