Last updated on 2023-09-25 06:11:03 CEST.
Flavor | Version | Tinstall | Tcheck | Ttotal | Status | Flags |
---|---|---|---|---|---|---|
r-devel-linux-x86_64-debian-clang | 0.1 | 2.40 | 22.22 | 24.62 | NOTE | |
r-devel-linux-x86_64-debian-gcc | 0.1 | 2.09 | 17.70 | 19.79 | NOTE | |
r-devel-linux-x86_64-fedora-clang | 0.1 | 30.09 | NOTE | |||
r-devel-linux-x86_64-fedora-gcc | 0.1 | 29.43 | NOTE | |||
r-devel-windows-x86_64 | 0.1 | 3.00 | 36.00 | 39.00 | NOTE | |
r-patched-linux-x86_64 | 0.1 | 2.49 | 18.00 | 20.49 | NOTE | |
r-release-linux-x86_64 | 0.1 | 2.31 | 21.41 | 23.72 | NOTE | |
r-release-macos-arm64 | 0.1 | 15.00 | NOTE | |||
r-release-macos-x86_64 | 0.1 | 20.00 | NOTE | |||
r-release-windows-x86_64 | 0.1 | 3.00 | 42.00 | 45.00 | NOTE | |
r-oldrel-macos-arm64 | 0.1 | 16.00 | NOTE | |||
r-oldrel-macos-x86_64 | 0.1 | 21.00 | NOTE | |||
r-oldrel-windows-x86_64 | 0.1 | 7.00 | 45.00 | 52.00 | NOTE |
Version: 0.1
Check: DESCRIPTION meta-information
Result: NOTE
Malformed Description field: should contain one or more complete sentences.
Flavors: r-devel-linux-x86_64-debian-clang, r-devel-linux-x86_64-debian-gcc, r-devel-linux-x86_64-fedora-clang, r-devel-linux-x86_64-fedora-gcc, r-devel-windows-x86_64, r-patched-linux-x86_64, r-release-linux-x86_64, r-release-macos-arm64, r-release-macos-x86_64, r-release-windows-x86_64, r-oldrel-macos-arm64, r-oldrel-macos-x86_64, r-oldrel-windows-x86_64
Version: 0.1
Check: R code for possible problems
Result: NOTE
Found the following calls to data() loading into the global environment:
File ‘geotools/R/zzz.R’:
data(fr_geo_rad)
See section ‘Good practice’ in ‘?data’.
Flavors: r-devel-linux-x86_64-debian-clang, r-devel-linux-x86_64-debian-gcc, r-devel-linux-x86_64-fedora-clang, r-patched-linux-x86_64, r-release-linux-x86_64