CRAN Package Check Results for Package geosed

Last updated on 2023-12-11 05:51:54 CET.

Flavor Version Tinstall Tcheck Ttotal Status Flags
r-devel-linux-x86_64-debian-clang 0.1.1 2.88 36.81 39.69 NOTE
r-devel-linux-x86_64-debian-gcc 0.1.1 2.10 29.08 31.18 NOTE
r-devel-linux-x86_64-fedora-clang 0.1.1 49.04 NOTE
r-devel-linux-x86_64-fedora-gcc 0.1.1 48.40 NOTE
r-devel-windows-x86_64 0.1.1 3.00 49.00 52.00 NOTE
r-patched-linux-x86_64 0.1.1 2.10 37.41 39.51 NOTE
r-release-linux-x86_64 0.1.1 2.17 36.89 39.06 NOTE
r-release-macos-arm64 0.1.1 20.00 NOTE
r-release-macos-x86_64 0.1.1 31.00 NOTE
r-release-windows-x86_64 0.1.1 6.00 54.00 60.00 NOTE
r-oldrel-macos-arm64 0.1.1 20.00 NOTE
r-oldrel-macos-x86_64 0.1.1 27.00 NOTE
r-oldrel-windows-x86_64 0.1.1 5.00 56.00 61.00 NOTE

Check Details

Version: 0.1.1
Check: LazyData
Result: NOTE 'LazyData' is specified without a 'data' directory Flavors: r-devel-linux-x86_64-debian-clang, r-devel-linux-x86_64-debian-gcc, r-devel-linux-x86_64-fedora-clang, r-devel-linux-x86_64-fedora-gcc, r-devel-windows-x86_64, r-patched-linux-x86_64, r-release-linux-x86_64, r-release-macos-arm64, r-release-macos-x86_64, r-release-windows-x86_64, r-oldrel-macos-arm64, r-oldrel-macos-x86_64, r-oldrel-windows-x86_64