CRAN Package Check Results for Package geonetwork

Last updated on 2022-01-23 05:01:20 CET.

Flavor Version Tinstall Tcheck Ttotal Status Flags
r-devel-linux-x86_64-debian-clang 0.4.1 5.84 83.52 89.36 OK
r-devel-linux-x86_64-debian-gcc 0.4.1 4.58 71.65 76.23 OK
r-devel-linux-x86_64-fedora-clang 0.4.1 110.50 NOTE
r-devel-linux-x86_64-fedora-gcc 0.4.1 94.45 OK
r-devel-windows-x86_64-new-UL 0.4.1 19.00 102.00 121.00 OK
r-devel-windows-x86_64-new-TK 0.4.1 OK
r-patched-linux-x86_64 0.4.1 7.43 79.42 86.85 OK
r-release-linux-x86_64 0.4.1 3.48 78.46 81.94 OK
r-release-macos-arm64 0.4.1 OK
r-release-macos-x86_64 0.4.1 OK
r-release-windows-ix86+x86_64 0.4.1 16.00 93.00 109.00 OK
r-oldrel-macos-x86_64 0.4.1 OK
r-oldrel-windows-ix86+x86_64 0.4.1 15.00 93.00 108.00 OK

Check Details

Version: 0.4.1
Check: Rd cross-references
Result: NOTE
    Undeclared package ‘ggmap’ in Rd xrefs
Flavor: r-devel-linux-x86_64-fedora-clang