CRAN Package Check Results for Package geomander

Last updated on 2023-01-28 15:50:28 CET.

Flavor Version Tinstall Tcheck Ttotal Status Flags
r-devel-linux-x86_64-debian-clang 2.1.0 65.81 188.48 254.29 OK
r-devel-linux-x86_64-debian-gcc 2.1.0 55.22 136.88 192.10 OK
r-devel-linux-x86_64-fedora-clang 2.1.0 340.85 NOTE
r-devel-linux-x86_64-fedora-gcc 2.1.0 308.72 NOTE
r-devel-windows-x86_64 2.1.0 95.00 249.00 344.00 OK
r-patched-linux-x86_64 2.1.0 56.65 173.46 230.11 OK
r-release-linux-x86_64 2.1.0 53.72 174.66 228.38 OK
r-release-macos-arm64 2.1.0 88.00 NOTE
r-release-macos-x86_64 2.1.0 115.00 NOTE
r-release-windows-x86_64 2.1.0 90.00 252.00 342.00 OK
r-oldrel-macos-arm64 2.1.0 82.00 NOTE
r-oldrel-macos-x86_64 2.1.0 113.00 NOTE
r-oldrel-windows-ix86+x86_64 2.1.0 155.00 341.00 496.00 OK

Check Details

Version: 2.1.0
Check: dependencies in R code
Result: NOTE
    Namespace in Imports field not imported from: ‘Rcpp’
     All declared Imports should be used.
Flavors: r-devel-linux-x86_64-fedora-clang, r-devel-linux-x86_64-fedora-gcc, r-release-macos-arm64, r-release-macos-x86_64, r-oldrel-macos-arm64, r-oldrel-macos-x86_64