CRAN Package Check Results for Package geofacet

Last updated on 2019-07-15 22:55:02 CEST.

Flavor Version Tinstall Tcheck Ttotal Status Flags
r-devel-linux-x86_64-debian-clang 0.1.10 6.33 83.51 89.84 OK
r-devel-linux-x86_64-debian-gcc 0.1.10 6.00 65.69 71.69 OK
r-devel-linux-x86_64-fedora-clang 0.1.10 108.76 NOTE
r-devel-linux-x86_64-fedora-gcc 0.1.10 110.85 NOTE
r-devel-windows-ix86+x86_64 0.1.10 29.00 153.00 182.00 OK
r-patched-linux-x86_64 0.1.10 6.82 82.88 89.70 OK
r-patched-solaris-x86 0.1.10 176.90 NOTE
r-release-linux-x86_64 0.1.10 6.64 81.58 88.22 OK
r-release-windows-ix86+x86_64 0.1.10 17.00 149.00 166.00 OK
r-release-osx-x86_64 0.1.10 NOTE
r-oldrel-windows-ix86+x86_64 0.1.10 25.00 92.00 117.00 OK
r-oldrel-osx-x86_64 0.1.10 NOTE

Check Details

Version: 0.1.10
Check: data for non-ASCII characters
Result: NOTE
     Note: found 217 marked UTF-8 strings
Flavors: r-devel-linux-x86_64-fedora-clang, r-devel-linux-x86_64-fedora-gcc, r-patched-solaris-x86, r-release-osx-x86_64, r-oldrel-osx-x86_64