Last updated on 2023-12-10 07:49:39 CET.
Flavor | Version | Tinstall | Tcheck | Ttotal | Status | Flags |
---|---|---|---|---|---|---|
r-devel-linux-x86_64-debian-clang | 0.0.8 | 7.58 | 34.04 | 41.62 | NOTE | |
r-devel-linux-x86_64-debian-gcc | 0.0.8 | 6.17 | 26.33 | 32.50 | NOTE | |
r-devel-linux-x86_64-fedora-clang | 0.0.8 | 52.84 | OK | |||
r-devel-linux-x86_64-fedora-gcc | 0.0.8 | 62.96 | OK | |||
r-devel-windows-x86_64 | 0.0.8 | 13.00 | 49.00 | 62.00 | OK | |
r-patched-linux-x86_64 | 0.0.8 | 7.58 | 33.12 | 40.70 | OK | |
r-release-linux-x86_64 | 0.0.8 | 8.32 | 33.13 | 41.45 | OK | |
r-release-macos-arm64 | 0.0.8 | 28.00 | OK | |||
r-release-macos-x86_64 | 0.0.8 | 43.00 | OK | |||
r-release-windows-x86_64 | 0.0.8 | 13.00 | 52.00 | 65.00 | OK | |
r-oldrel-macos-arm64 | 0.0.8 | 26.00 | OK | |||
r-oldrel-macos-x86_64 | 0.0.8 | 33.00 | OK | |||
r-oldrel-windows-x86_64 | 0.0.8 | 14.00 | 57.00 | 71.00 | OK |
Version: 0.0.8
Check: Rd files
Result: NOTE
checkRd: (-1) geodist.Rd:59: Lost braces
59 | code{sf::st_dist()} function.
| ^
checkRd: (-1) geodist_vec.Rd:65: Lost braces
65 | code{sf::st_dist()} function.
| ^
checkRd: (-1) georange.Rd:36: Lost braces
36 | code{sf::st_dist()} function.
| ^
Flavors: r-devel-linux-x86_64-debian-clang, r-devel-linux-x86_64-debian-gcc