Last updated on 2023-05-30 21:58:43 CEST.
Flavor | Version | Tinstall | Tcheck | Ttotal | Status | Flags |
---|---|---|---|---|---|---|
r-devel-linux-x86_64-debian-clang | 0.0.1.4.2 | 2.72 | 50.53 | 53.25 | OK | |
r-devel-linux-x86_64-debian-gcc | 0.0.1.4.2 | 2.52 | 37.83 | 40.35 | OK | |
r-devel-linux-x86_64-fedora-clang | 0.0.1.4.2 | 65.65 | NOTE | |||
r-devel-linux-x86_64-fedora-gcc | 0.0.1.4.2 | 76.10 | NOTE | |||
r-devel-windows-x86_64 | 0.0.1.4.2 | 6.00 | 67.00 | 73.00 | OK | |
r-patched-linux-x86_64 | 0.0.1.4.2 | 2.35 | 48.02 | 50.37 | OK | |
r-release-linux-x86_64 | 0.0.1.4.2 | 2.88 | 49.09 | 51.97 | OK | |
r-release-macos-arm64 | 0.0.1.4.2 | 43.00 | OK | |||
r-release-macos-x86_64 | 0.0.1.4.2 | 63.00 | OK | |||
r-release-windows-x86_64 | 0.0.1.4.2 | 5.00 | 75.00 | 80.00 | OK | |
r-oldrel-macos-arm64 | 0.0.1.4.2 | 38.00 | OK | |||
r-oldrel-macos-x86_64 | 0.0.1.4.2 | 44.00 | OK | |||
r-oldrel-windows-x86_64 | 0.0.1.4.2 | 7.00 | 79.00 | 86.00 | OK |
Version: 0.0.1.4.2
Check: dependencies in R code
Result: NOTE
Namespace in Imports field not imported from: ‘httr’
All declared Imports should be used.
Flavors: r-devel-linux-x86_64-fedora-clang, r-devel-linux-x86_64-fedora-gcc
Version: 0.0.1.4.2
Check: data for non-ASCII characters
Result: NOTE
Note: found 144 marked UTF-8 strings
Flavors: r-devel-linux-x86_64-fedora-clang, r-devel-linux-x86_64-fedora-gcc