CRAN Package Check Results for Package gensvm

Last updated on 2022-12-02 05:00:05 CET.

Flavor Version Tinstall Tcheck Ttotal Status Flags
r-devel-linux-x86_64-debian-clang 0.1.6 12.70 37.59 50.29 WARN
r-devel-linux-x86_64-debian-gcc 0.1.6 10.09 29.32 39.41 WARN
r-devel-linux-x86_64-fedora-clang 0.1.6 73.33 WARN
r-devel-linux-x86_64-fedora-gcc 0.1.6 70.49 WARN
r-devel-windows-x86_64 0.1.6 91.00 72.00 163.00 OK
r-patched-linux-x86_64 0.1.6 11.47 35.71 47.18 OK
r-release-linux-x86_64 0.1.6 10.98 36.79 47.77 OK
r-release-macos-arm64 0.1.6 27.00 OK
r-release-macos-x86_64 0.1.6 32.00 OK
r-release-windows-x86_64 0.1.6 76.00 68.00 144.00 OK
r-oldrel-macos-arm64 0.1.6 23.00 OK
r-oldrel-macos-x86_64 0.1.6 32.00 OK
r-oldrel-windows-ix86+x86_64 0.1.6 119.00 69.00 188.00 OK

Check Details

Version: 0.1.6
Check: whether package can be installed
Result: WARN
    Found the following significant warnings:
     gensvm/include/gensvm_rand.h:44:16: warning: a function declaration without a prototype is deprecated in all versions of C [-Wstrict-prototypes]
     gensvm/src/gensvm_rand.c:105:23: warning: a function declaration without a prototype is deprecated in all versions of C [-Wstrict-prototypes]
     gensvm/src/gensvm_rand.c:112:16: warning: a function declaration without a prototype is deprecated in all versions of C [-Wstrict-prototypes]
     gensvm/src/gensvm_rand.c:153:23: warning: a function declaration without a prototype is deprecated in all versions of C [-Wstrict-prototypes]
Flavors: r-devel-linux-x86_64-debian-clang, r-devel-linux-x86_64-fedora-clang

Version: 0.1.6
Check: whether package can be installed
Result: WARN
    Found the following significant warnings:
     gensvm/include/gensvm_rand.h:44:1: warning: function declaration isn’t a prototype [-Wstrict-prototypes]
     gensvm/src/gensvm_rand.c:105:1: warning: function declaration isn’t a prototype [-Wstrict-prototypes]
     gensvm/src/gensvm_rand.c:112:5: warning: function declaration isn’t a prototype [-Wstrict-prototypes]
     gensvm/src/gensvm_rand.c:153:10: warning: function declaration isn’t a prototype [-Wstrict-prototypes]
Flavors: r-devel-linux-x86_64-debian-gcc, r-devel-linux-x86_64-fedora-gcc