Last updated on 2022-08-19 03:57:32 CEST.
Flavor | Version | Tinstall | Tcheck | Ttotal | Status | Flags |
---|---|---|---|---|---|---|
r-devel-linux-x86_64-debian-clang | 1.0.4 | 16.58 | 241.81 | 258.39 | NOTE | |
r-devel-linux-x86_64-debian-gcc | 1.0.4 | 12.08 | 169.17 | 181.25 | NOTE | |
r-devel-linux-x86_64-fedora-clang | 1.0.4 | 305.06 | NOTE | |||
r-devel-linux-x86_64-fedora-gcc | 1.0.4 | 303.54 | NOTE | |||
r-devel-windows-x86_64 | 1.0.4 | 23.00 | 269.00 | 292.00 | NOTE | |
r-patched-linux-x86_64 | 1.0.4 | 13.85 | 223.83 | 237.68 | OK | |
r-release-linux-x86_64 | 1.0.4 | OK | ||||
r-release-macos-arm64 | 1.0.4 | 70.00 | OK | |||
r-release-macos-x86_64 | 1.0.4 | 121.00 | OK | |||
r-release-windows-x86_64 | 1.0.4 | 65.00 | 271.00 | 336.00 | OK | |
r-oldrel-macos-arm64 | 1.0.4 | 89.00 | OK | |||
r-oldrel-macos-x86_64 | 1.0.4 | 143.00 | OK | |||
r-oldrel-windows-ix86+x86_64 | 1.0.4 | 31.00 | 278.00 | 309.00 | OK |
Version: 1.0.4
Check: package subdirectories
Result: NOTE
Problems with news in 'NEWS.md':
No news entries found.
Flavors: r-devel-linux-x86_64-debian-clang, r-devel-linux-x86_64-debian-gcc, r-devel-linux-x86_64-fedora-clang, r-devel-linux-x86_64-fedora-gcc, r-devel-windows-x86_64