CRAN Package Check Results for Package genlogis

Last updated on 2020-06-04 15:49:10 CEST.

Flavor Version Tinstall Tcheck Ttotal Status Flags
r-devel-linux-x86_64-debian-clang 1.0.0 5.46 44.10 49.56 OK
r-devel-linux-x86_64-debian-gcc 1.0.0 4.55 33.59 38.14 OK
r-devel-linux-x86_64-fedora-clang 1.0.0 66.49 OK
r-devel-linux-x86_64-fedora-gcc 1.0.0 59.59 OK
r-devel-windows-ix86+x86_64 1.0.0 19.00 78.00 97.00 ERROR
r-patched-linux-x86_64 1.0.0 5.28 43.10 48.38 OK
r-patched-solaris-x86 1.0.0 126.50 OK
r-release-linux-x86_64 1.0.0 4.96 42.78 47.74 OK
r-release-osx-x86_64 1.0.0 OK
r-release-windows-ix86+x86_64 1.0.0 10.00 72.00 82.00 OK
r-oldrel-osx-x86_64 1.0.0 FAIL
r-oldrel-windows-ix86+x86_64 1.0.0 13.00 91.00 104.00 OK

Check Details

Version: 1.0.0
Check: examples
Result: ERROR
    Running examples in 'genlogis-Ex.R' failed
    The error most likely occurred in:
    
    > ### Name: genlog_simu
    > ### Title: Simulating the Generalized logistic distribution
    > ### Aliases: genlog_simu
    > ### Keywords: genlogis
    >
    > ### ** Examples
    >
    >
    > genlog_simu(real.par = c(0.3, 0.9, 1.5, 0.0), init.par = c(0.9, 0.3, 0.2, 0.0),
    + sample.size = 100, k = 50, threads = 2, seed = 200)
    Error in unserialize(socklist[[n]]) : error reading from connection
    Calls: genlog_simu ... recvOneData -> recvOneData.SOCKcluster -> unserialize
    Execution halted
Flavor: r-devel-windows-ix86+x86_64

Version: 1.0.0
Check: dependencies in R code
Result: FAIL
Flavor: r-oldrel-osx-x86_64