CRAN Package Check Results for Package genlogis

Last updated on 2019-11-14 09:49:30 CET.

Flavor Version Tinstall Tcheck Ttotal Status Flags
r-devel-linux-x86_64-debian-clang 1.0.0 4.16 41.27 45.43 OK
r-devel-linux-x86_64-debian-gcc 1.0.0 4.37 31.63 36.00 OK
r-devel-linux-x86_64-fedora-clang 1.0.0 54.42 OK
r-devel-linux-x86_64-fedora-gcc 1.0.0 54.33 OK
r-devel-windows-ix86+x86_64 1.0.0 24.00 87.00 111.00 OK
r-patched-linux-x86_64 1.0.0 4.29 39.08 43.37 OK
r-patched-solaris-x86 1.0.0 114.20 OK
r-release-linux-x86_64 1.0.0 4.50 39.12 43.62 OK
r-release-windows-ix86+x86_64 1.0.0 13.00 100.00 113.00 OK
r-release-osx-x86_64 1.0.0 FAIL
r-oldrel-windows-ix86+x86_64 1.0.0 9.00 91.00 100.00 OK
r-oldrel-osx-x86_64 1.0.0 OK

Check Details

Version: 1.0.0
Check: dependencies in R code
Result: FAIL
    
Flavor: r-release-osx-x86_64