CRAN Package Check Results for Package generics

Last updated on 2022-07-03 11:10:10 CEST.

Flavor Version Tinstall Tcheck Ttotal Status Flags
r-devel-linux-x86_64-debian-clang 0.1.2 2.44 39.32 41.76 OK
r-devel-linux-x86_64-debian-gcc 0.1.2 1.60 29.28 30.88 OK
r-devel-linux-x86_64-fedora-clang 0.1.2 63.17 NOTE
r-devel-linux-x86_64-fedora-gcc 0.1.2 61.58 OK
r-devel-windows-x86_64 0.1.2 134.00 66.00 200.00 OK
r-patched-linux-x86_64 0.1.2 2.41 36.60 39.01 OK
r-release-linux-x86_64 0.1.2 2.29 36.63 38.92 OK
r-release-macos-arm64 0.1.2 18.00 OK
r-release-macos-x86_64 0.1.2 29.00 OK
r-release-windows-x86_64 0.1.2 128.00 66.00 194.00 OK
r-oldrel-macos-arm64 0.1.2 25.00 OK
r-oldrel-macos-x86_64 0.1.2 47.00 OK
r-oldrel-windows-ix86+x86_64 0.1.2 10.00 59.00 69.00 OK

Check Details

Version: 0.1.2
Check: Rd cross-references
Result: NOTE
    Undeclared package ‘tune’ in Rd xrefs
Flavor: r-devel-linux-x86_64-fedora-clang