Last updated on 2025-01-24 22:49:53 CET.
Flavor | Version | Tinstall | Tcheck | Ttotal | Status | Flags |
---|---|---|---|---|---|---|
r-devel-linux-x86_64-debian-clang | 1.2.2 | 82.37 | 36.48 | 118.85 | NOTE | |
r-devel-linux-x86_64-debian-gcc | 1.2.2 | 60.22 | 26.83 | 87.05 | NOTE | |
r-devel-linux-x86_64-fedora-clang | 1.2.2 | 217.20 | NOTE | |||
r-devel-linux-x86_64-fedora-gcc | 1.2.2 | 234.60 | NOTE | |||
r-devel-windows-x86_64 | 1.2.2 | 85.00 | 90.00 | 175.00 | NOTE | |
r-patched-linux-x86_64 | 1.2.2 | 85.30 | 32.39 | 117.69 | NOTE | |
r-release-linux-x86_64 | 1.2.2 | 89.97 | 31.97 | 121.94 | NOTE | |
r-release-macos-arm64 | 1.2.2 | 62.00 | NOTE | |||
r-release-macos-x86_64 | 1.2.2 | 61.00 | NOTE | |||
r-release-windows-x86_64 | 1.2.2 | 81.00 | 79.00 | 160.00 | NOTE | |
r-oldrel-macos-arm64 | 1.2.2 | 75.00 | NOTE | |||
r-oldrel-macos-x86_64 | 1.2.2 | 120.00 | NOTE | |||
r-oldrel-windows-x86_64 | 1.2.2 | 95.00 | 89.00 | 184.00 | NOTE |
Version: 1.2.2
Check: C++ specification
Result: NOTE
Specified C++11: please drop specification unless essential
Flavors: r-devel-linux-x86_64-debian-clang, r-devel-linux-x86_64-debian-gcc, r-devel-linux-x86_64-fedora-clang, r-devel-linux-x86_64-fedora-gcc, r-devel-windows-x86_64, r-patched-linux-x86_64, r-release-linux-x86_64, r-release-macos-arm64, r-release-macos-x86_64, r-release-windows-x86_64, r-oldrel-macos-arm64, r-oldrel-macos-x86_64, r-oldrel-windows-x86_64
Version: 1.2.2
Check: installed package size
Result: NOTE
installed size is 11.7Mb
sub-directories of 1Mb or more:
doc 1.5Mb
libs 9.3Mb
Flavors: r-release-macos-arm64, r-release-macos-x86_64, r-oldrel-macos-arm64, r-oldrel-macos-x86_64