CRAN Package Check Results for Package geneHapR

Last updated on 2023-05-30 21:58:43 CEST.

Flavor Version Tinstall Tcheck Ttotal Status Flags
r-devel-linux-x86_64-debian-clang 1.1.9 59.10 474.86 533.96 OK
r-devel-linux-x86_64-debian-gcc 1.1.9 45.41 359.77 405.18 OK
r-devel-linux-x86_64-fedora-clang 1.1.9 685.07 OK
r-devel-linux-x86_64-fedora-gcc 1.1.9 709.27 OK
r-devel-windows-x86_64 1.1.9 48.00 352.00 400.00 OK
r-patched-linux-x86_64 1.1.9 53.65 446.31 499.96 OK
r-release-linux-x86_64 1.1.9 44.43 454.49 498.92 OK
r-release-macos-arm64 1.1.9 109.00 OK
r-release-macos-x86_64 1.1.9 210.00 NOTE
r-release-windows-x86_64 1.1.9 66.00 484.00 550.00 OK
r-oldrel-macos-arm64 1.1.9 106.00 OK
r-oldrel-macos-x86_64 1.1.9 218.00 NOTE
r-oldrel-windows-x86_64 1.1.9 66.00 446.00 512.00 OK

Check Details

Version: 1.1.9
Check: package dependencies
Result: NOTE
    Package suggested but not available for checking: ‘muscle’
Flavors: r-release-macos-x86_64, r-oldrel-macos-x86_64