CRAN Package Check Results for Package geneExpressionFromGEO

Last updated on 2021-08-05 12:57:07 CEST.

Flavor Version Tinstall Tcheck Ttotal Status Flags
r-devel-linux-x86_64-debian-clang 0.6 2.35 35.43 37.78 OK
r-devel-linux-x86_64-debian-gcc 0.6 1.58 27.46 29.04 OK
r-devel-linux-x86_64-fedora-clang 0.6 54.16 OK
r-devel-linux-x86_64-fedora-gcc 0.6 43.18 OK
r-devel-windows-x86_64 0.6 5.00 56.00 61.00 OK
r-devel-windows-x86_64-gcc10-UCRT 0.6 ERROR
r-patched-linux-x86_64 0.6 2.39 33.80 36.19 OK
r-patched-solaris-x86 0.6 64.50 OK
r-release-linux-x86_64 0.6 2.21 33.99 36.20 OK
r-release-macos-arm64 0.6 ERROR
r-release-macos-x86_64 0.6 OK
r-release-windows-ix86+x86_64 0.6 7.00 54.00 61.00 OK
r-oldrel-macos-x86_64 0.6 OK
r-oldrel-windows-ix86+x86_64 0.6 4.00 53.00 57.00 OK

Check Details

Version: 0.6
Check: package dependencies
Result: ERROR
    Package required but not available: 'GEOquery'
    
    See section 'The DESCRIPTION file' in the 'Writing R Extensions'
    manual.
Flavors: r-devel-windows-x86_64-gcc10-UCRT, r-release-macos-arm64