CRAN Package Check Results for Package genderBR

Last updated on 2021-08-05 12:57:07 CEST.

Flavor Version Tinstall Tcheck Ttotal Status Flags
r-devel-linux-x86_64-debian-clang 1.1.2 2.73 28.60 31.33 OK
r-devel-linux-x86_64-debian-gcc 1.1.2 2.45 22.52 24.97 OK
r-devel-linux-x86_64-fedora-clang 1.1.2 46.96 NOTE
r-devel-linux-x86_64-fedora-gcc 1.1.2 36.27 NOTE
r-devel-windows-x86_64 1.1.2 6.00 44.00 50.00 OK
r-devel-windows-x86_64-gcc10-UCRT 1.1.2 ERROR
r-patched-linux-x86_64 1.1.2 2.68 27.06 29.74 OK
r-patched-solaris-x86 1.1.2 55.00 NOTE
r-release-linux-x86_64 1.1.2 2.35 27.37 29.72 OK
r-release-macos-arm64 1.1.2 NOTE
r-release-macos-x86_64 1.1.2 NOTE
r-release-windows-ix86+x86_64 1.1.2 6.00 31.00 37.00 OK
r-oldrel-macos-x86_64 1.1.2 NOTE
r-oldrel-windows-ix86+x86_64 1.1.2 31.00 32.00 63.00 OK

Check Details

Version: 1.1.2
Check: dependencies in R code
Result: NOTE
    Namespace in Imports field not imported from: ‘purrr’
     All declared Imports should be used.
Flavors: r-devel-linux-x86_64-fedora-clang, r-devel-linux-x86_64-fedora-gcc, r-patched-solaris-x86, r-release-macos-arm64, r-release-macos-x86_64, r-oldrel-macos-x86_64

Version: 1.1.2
Check: package dependencies
Result: ERROR
    Packages required but not available: 'dplyr', 'tibble'
    
    Package suggested but not available for checking: 'testthat'
    
    See section 'The DESCRIPTION file' in the 'Writing R Extensions'
    manual.
Flavor: r-devel-windows-x86_64-gcc10-UCRT