CRAN Package Check Results for Package gen5helper

Last updated on 2020-12-03 23:48:34 CET.

Flavor Version Tinstall Tcheck Ttotal Status Flags
r-devel-linux-x86_64-debian-clang 1.0.1 5.47 40.47 45.94 OK
r-devel-linux-x86_64-debian-gcc 1.0.1 4.73 33.72 38.45 OK
r-devel-linux-x86_64-fedora-clang 1.0.1 59.90 NOTE
r-devel-linux-x86_64-fedora-gcc 1.0.1 50.43 NOTE
r-devel-windows-ix86+x86_64 1.0.1 12.00 59.00 71.00 OK
r-patched-linux-x86_64 1.0.1 5.57 37.95 43.52 OK
r-patched-solaris-x86 1.0.1 72.80 NOTE
r-release-linux-x86_64 1.0.1 5.15 38.89 44.04 OK
r-release-macos-x86_64 1.0.1 NOTE
r-release-windows-ix86+x86_64 1.0.1 10.00 46.00 56.00 OK
r-oldrel-macos-x86_64 1.0.1 NOTE
r-oldrel-windows-ix86+x86_64 1.0.1 8.00 57.00 65.00 OK

Check Details

Version: 1.0.1
Check: dependencies in R code
Result: NOTE
    Namespaces in Imports field not imported from:
     ‘ggplot2’ ‘pracma’ ‘rlang’
     All declared Imports should be used.
Flavors: r-devel-linux-x86_64-fedora-clang, r-devel-linux-x86_64-fedora-gcc, r-patched-solaris-x86, r-release-macos-x86_64, r-oldrel-macos-x86_64