Last updated on 2023-10-02 07:56:27 CEST.
Flavor | Version | Tinstall | Tcheck | Ttotal | Status | Flags |
---|---|---|---|---|---|---|
r-devel-linux-x86_64-debian-clang | 1.4 | 67.60 | 421.87 | 489.47 | NOTE | |
r-devel-linux-x86_64-debian-gcc | 1.4 | 50.53 | 314.80 | 365.33 | NOTE | |
r-devel-linux-x86_64-fedora-clang | 1.4 | 605.44 | NOTE | |||
r-devel-linux-x86_64-fedora-gcc | 1.4 | 630.67 | NOTE | |||
r-devel-windows-x86_64 | 1.4 | 56.00 | 283.00 | 339.00 | NOTE | |
r-patched-linux-x86_64 | 1.4 | 69.87 | 404.66 | 474.53 | NOTE | |
r-release-linux-x86_64 | 1.4 | 66.57 | 413.61 | 480.18 | NOTE | |
r-release-macos-arm64 | 1.4 | 148.00 | NOTE | |||
r-release-macos-x86_64 | 1.4 | 287.00 | NOTE | |||
r-release-windows-x86_64 | 1.4 | 72.00 | 397.00 | 469.00 | NOTE | |
r-oldrel-macos-arm64 | 1.4 | 120.00 | NOTE | |||
r-oldrel-macos-x86_64 | 1.4 | 167.00 | NOTE | |||
r-oldrel-windows-x86_64 | 1.4 | 79.00 | 384.00 | 463.00 | NOTE |
Version: 1.4
Check: C++ specification
Result: NOTE
Specified C++11: please drop specification unless essential
Flavors: r-devel-linux-x86_64-debian-clang, r-devel-linux-x86_64-debian-gcc, r-devel-linux-x86_64-fedora-clang, r-devel-linux-x86_64-fedora-gcc, r-devel-windows-x86_64, r-patched-linux-x86_64, r-release-linux-x86_64, r-release-macos-arm64, r-release-macos-x86_64, r-release-windows-x86_64
Version: 1.4
Check: Rd files
Result: NOTE
checkRd: (-1) plot_summary.Rd:14: Escaped LaTeX specials: \_
Flavors: r-devel-linux-x86_64-debian-clang, r-devel-linux-x86_64-debian-gcc, r-devel-linux-x86_64-fedora-clang, r-devel-linux-x86_64-fedora-gcc, r-devel-windows-x86_64, r-patched-linux-x86_64, r-release-linux-x86_64, r-release-macos-arm64, r-release-macos-x86_64, r-release-windows-x86_64
Version: 1.4
Check: installed package size
Result: NOTE
installed size is 5.5Mb
sub-directories of 1Mb or more:
doc 1.3Mb
extdata 3.5Mb
Flavors: r-devel-linux-x86_64-fedora-clang, r-devel-windows-x86_64, r-release-macos-arm64, r-release-macos-x86_64, r-release-windows-x86_64, r-oldrel-macos-arm64, r-oldrel-macos-x86_64, r-oldrel-windows-x86_64
Version: 1.4
Check: dependencies in R code
Result: NOTE
Namespace in Imports field not imported from: ‘sp’
All declared Imports should be used.
Flavors: r-devel-linux-x86_64-fedora-clang, r-devel-linux-x86_64-fedora-gcc, r-oldrel-macos-arm64, r-oldrel-macos-x86_64