Last updated on 2023-12-11 16:52:55 CET.
Flavor | Version | Tinstall | Tcheck | Ttotal | Status | Flags |
---|---|---|---|---|---|---|
r-devel-linux-x86_64-debian-clang | 1.0.0 | 56.85 | 503.56 | 560.41 | OK | |
r-devel-linux-x86_64-debian-gcc | 1.0.0 | 48.47 | 373.82 | 422.29 | OK | |
r-devel-linux-x86_64-fedora-clang | 1.0.0 | 689.95 | NOTE | |||
r-devel-linux-x86_64-fedora-gcc | 1.0.0 | 692.78 | OK | |||
r-devel-windows-x86_64 | 1.0.0 | 48.00 | 319.00 | 367.00 | OK | |
r-patched-linux-x86_64 | 1.0.0 | 47.77 | 461.80 | 509.57 | OK | |
r-release-linux-x86_64 | 1.0.0 | 45.71 | 489.89 | 535.60 | OK | |
r-release-macos-arm64 | 1.0.0 | 144.00 | OK | |||
r-release-macos-x86_64 | 1.0.0 | 466.00 | OK | |||
r-release-windows-x86_64 | 1.0.0 | 60.00 | 429.00 | 489.00 | OK | |
r-oldrel-macos-arm64 | 1.0.0 | 150.00 | OK | |||
r-oldrel-macos-x86_64 | 0.1.2 | 94.00 | OK | |||
r-oldrel-windows-x86_64 | 1.0.0 | 63.00 | 430.00 | 493.00 | OK |
Version: 1.0.0
Check: Rd cross-references
Result: NOTE
Undeclared packages ‘palmerpenguins’, ‘readxl’ in Rd xrefs
Flavor: r-devel-linux-x86_64-fedora-clang