CRAN Package Check Results for Package gcbd

Last updated on 2024-06-14 11:58:54 CEST.

Flavor Version Tinstall Tcheck Ttotal Status Flags
r-devel-linux-x86_64-debian-clang 0.2.6 12.25 85.79 98.04 NOTE --no-vignettes
r-devel-linux-x86_64-debian-gcc 0.2.6 8.25 64.07 72.32 NOTE --no-vignettes
r-devel-linux-x86_64-fedora-clang 0.2.6 119.35 NOTE --no-vignettes
r-devel-linux-x86_64-fedora-gcc 0.2.6 111.89 NOTE --no-vignettes
r-patched-linux-x86_64 0.2.6 11.36 82.84 94.20 NOTE --no-vignettes
r-release-linux-x86_64 0.2.6 11.42 81.77 93.19 NOTE --no-vignettes
r-release-macos-arm64 0.2.6 42.00 ERROR
r-release-macos-x86_64 0.2.6 67.00 ERROR
r-oldrel-macos-arm64 0.2.6 46.00 NOTE
r-oldrel-macos-x86_64 0.2.6 77.00 NOTE

Additional issues

M1mac

Check Details

Version: 0.2.6
Flags: --no-vignettes
Check: package dependencies
Result: NOTE Package suggested but not available for checking: ‘gputools’ Flavors: r-devel-linux-x86_64-debian-clang, r-devel-linux-x86_64-debian-gcc, r-devel-linux-x86_64-fedora-clang, r-devel-linux-x86_64-fedora-gcc, r-patched-linux-x86_64, r-release-linux-x86_64

Version: 0.2.6
Check: package dependencies
Result: NOTE Package suggested but not available for checking: ‘gputools’ Flavors: r-release-macos-arm64, r-release-macos-x86_64, r-oldrel-macos-arm64, r-oldrel-macos-x86_64

Version: 0.2.6
Check: re-building of vignette outputs
Result: ERROR Error(s) in re-building vignettes: ... --- re-building ‘gcbd.Rnw’ using Sweave Warning in packageDescription("gputools") : no package 'gputools' was found Error: processing vignette 'gcbd.Rnw' failed with diagnostics: at gcbd.Rnw:860, subscript out of bounds --- failed re-building ‘gcbd.Rnw’ SUMMARY: processing the following file failed: ‘gcbd.Rnw’ Error: Vignette re-building failed. Execution halted Flavors: r-release-macos-arm64, r-release-macos-x86_64

Version: 0.2.6
Check: re-building of vignette outputs
Result: NOTE Error(s) in re-building vignettes: ... --- re-building ‘gcbd.Rnw’ using Sweave Warning in packageDescription("gputools") : no package 'gputools' was found Error: processing vignette 'gcbd.Rnw' failed with diagnostics: at gcbd.Rnw:860, subscript out of bounds --- failed re-building ‘gcbd.Rnw’ SUMMARY: processing the following file failed: ‘gcbd.Rnw’ Error: Vignette re-building failed. Execution halted Flavors: r-oldrel-macos-arm64, r-oldrel-macos-x86_64