CRAN Package Check Results for Package gbs2ploidy

Last updated on 2022-08-12 18:49:43 CEST.

Flavor Version Tinstall Tcheck Ttotal Status Flags
r-devel-linux-x86_64-debian-clang 1.0 1.64 33.44 35.08 NOTE
r-devel-linux-x86_64-debian-gcc 1.0 1.74 26.84 28.58 NOTE
r-devel-linux-x86_64-fedora-clang 1.0 52.23 NOTE
r-devel-linux-x86_64-fedora-gcc 1.0 51.86 NOTE
r-devel-windows-x86_64 1.0 9.00 64.00 73.00 NOTE
r-patched-linux-x86_64 1.0 2.53 32.41 34.94 OK
r-release-linux-x86_64 1.0 2.69 32.92 35.61 OK
r-release-macos-arm64 1.0 26.00 OK
r-release-macos-x86_64 1.0 28.00 OK
r-release-windows-x86_64 1.0 14.00 64.00 78.00 OK
r-oldrel-macos-arm64 1.0 20.00 OK
r-oldrel-macos-x86_64 1.0 36.00 OK
r-oldrel-windows-ix86+x86_64 1.0 6.00 56.00 62.00 OK

Check Details

Version: 1.0
Check: Rd files
Result: NOTE
    checkRd: (-1) estprops.Rd:40: Escaped LaTeX specials: \&
Flavors: r-devel-linux-x86_64-debian-clang, r-devel-linux-x86_64-debian-gcc, r-devel-linux-x86_64-fedora-clang, r-devel-linux-x86_64-fedora-gcc, r-devel-windows-x86_64