CRAN Package Check Results for Package gbp

Last updated on 2022-10-02 11:11:21 CEST.

Flavor Version Tinstall Tcheck Ttotal Status Flags
r-devel-linux-x86_64-debian-clang 0.1.0.4 285.36 73.75 359.11 NOTE
r-devel-linux-x86_64-debian-gcc 0.1.0.4 233.13 53.29 286.42 NOTE
r-devel-linux-x86_64-fedora-clang 0.1.0.4 547.50 NOTE
r-devel-linux-x86_64-fedora-gcc 0.1.0.4 514.55 NOTE
r-devel-windows-x86_64 0.1.0.4 208.00 142.00 350.00 NOTE
r-patched-linux-x86_64 0.1.0.4 242.29 68.67 310.96 NOTE
r-release-linux-x86_64 0.1.0.4 248.12 68.05 316.17 NOTE
r-release-macos-arm64 0.1.0.4 113.00 NOTE
r-release-macos-x86_64 0.1.0.4 145.00 NOTE
r-release-windows-x86_64 0.1.0.4 209.00 129.00 338.00 NOTE
r-oldrel-macos-arm64 0.1.0.4 129.00 NOTE
r-oldrel-macos-x86_64 0.1.0.4 185.00 NOTE
r-oldrel-windows-ix86+x86_64 0.1.0.4 696.00 137.00 833.00 NOTE

Check Details

Version: 0.1.0.4
Check: LazyData
Result: NOTE
     'LazyData' is specified without a 'data' directory
Flavors: r-devel-linux-x86_64-debian-clang, r-devel-linux-x86_64-debian-gcc, r-devel-linux-x86_64-fedora-clang, r-devel-linux-x86_64-fedora-gcc, r-devel-windows-x86_64, r-patched-linux-x86_64, r-release-linux-x86_64, r-release-macos-arm64, r-release-macos-x86_64, r-release-windows-x86_64, r-oldrel-macos-arm64, r-oldrel-macos-x86_64, r-oldrel-windows-ix86+x86_64

Version: 0.1.0.4
Check: for GNU extensions in Makefiles
Result: NOTE
    GNU make is a SystemRequirements.
Flavors: r-devel-linux-x86_64-debian-clang, r-devel-linux-x86_64-debian-gcc, r-devel-linux-x86_64-fedora-clang, r-devel-linux-x86_64-fedora-gcc, r-devel-windows-x86_64, r-patched-linux-x86_64, r-release-linux-x86_64, r-release-macos-arm64, r-release-macos-x86_64, r-release-windows-x86_64, r-oldrel-macos-arm64, r-oldrel-macos-x86_64, r-oldrel-windows-ix86+x86_64

Version: 0.1.0.4
Check: compiled code
Result: NOTE
    File ‘gbp/libs/gbp.so’:
     Found no calls to: ‘R_registerRoutines’, ‘R_useDynamicSymbols’
    
    It is good practice to register native routines and to disable symbol
    search.
    
    See ‘Writing portable packages’ in the ‘Writing R Extensions’ manual.
Flavors: r-devel-linux-x86_64-fedora-clang, r-devel-linux-x86_64-fedora-gcc

Version: 0.1.0.4
Check: installed package size
Result: NOTE
     installed size is 17.0Mb
     sub-directories of 1Mb or more:
     doc 1.1Mb
     libs 15.7Mb
Flavors: r-release-macos-arm64, r-release-macos-x86_64, r-oldrel-macos-arm64, r-oldrel-macos-x86_64, r-oldrel-windows-ix86+x86_64