Last updated on 2023-10-04 14:03:49 CEST.
Flavor | Version | Tinstall | Tcheck | Ttotal | Status | Flags |
---|---|---|---|---|---|---|
r-devel-linux-x86_64-debian-clang | 0.1.0.4 | 291.23 | 72.51 | 363.74 | NOTE | |
r-devel-linux-x86_64-debian-gcc | 0.1.0.4 | 205.89 | 52.95 | 258.84 | NOTE | |
r-devel-linux-x86_64-fedora-clang | 0.1.0.4 | 550.13 | NOTE | |||
r-devel-linux-x86_64-fedora-gcc | 0.1.0.4 | 588.66 | NOTE | |||
r-devel-windows-x86_64 | 0.1.0.4 | 206.00 | 108.00 | 314.00 | NOTE | |
r-patched-linux-x86_64 | 0.1.0.4 | 210.63 | 67.95 | 278.58 | NOTE | |
r-release-linux-x86_64 | 0.1.0.4 | 271.23 | 68.42 | 339.65 | NOTE | |
r-release-macos-arm64 | 0.1.0.4 | 133.00 | NOTE | |||
r-release-macos-x86_64 | 0.1.0.4 | 205.00 | NOTE | |||
r-release-windows-x86_64 | 0.1.0.4 | 289.00 | 125.00 | 414.00 | NOTE | |
r-oldrel-macos-arm64 | 0.1.0.4 | 113.00 | NOTE | |||
r-oldrel-macos-x86_64 | 0.1.0.4 | 145.00 | NOTE | |||
r-oldrel-windows-x86_64 | 0.1.0.4 | 275.00 | 110.00 | 385.00 | NOTE |
Version: 0.1.0.4
Check: C++ specification
Result: NOTE
Specified C++11: please drop specification unless essential
Flavors: r-devel-linux-x86_64-debian-clang, r-devel-linux-x86_64-debian-gcc, r-devel-linux-x86_64-fedora-clang, r-devel-linux-x86_64-fedora-gcc, r-devel-windows-x86_64, r-patched-linux-x86_64, r-release-linux-x86_64, r-release-macos-arm64, r-release-macos-x86_64, r-release-windows-x86_64
Version: 0.1.0.4
Check: LazyData
Result: NOTE
'LazyData' is specified without a 'data' directory
Flavors: r-devel-linux-x86_64-debian-clang, r-devel-linux-x86_64-debian-gcc, r-devel-linux-x86_64-fedora-clang, r-devel-linux-x86_64-fedora-gcc, r-devel-windows-x86_64, r-patched-linux-x86_64, r-release-linux-x86_64, r-release-macos-arm64, r-release-macos-x86_64, r-release-windows-x86_64, r-oldrel-macos-arm64, r-oldrel-macos-x86_64, r-oldrel-windows-x86_64
Version: 0.1.0.4
Check: for GNU extensions in Makefiles
Result: NOTE
GNU make is a SystemRequirements.
Flavors: r-devel-linux-x86_64-debian-clang, r-devel-linux-x86_64-debian-gcc, r-devel-linux-x86_64-fedora-clang, r-devel-linux-x86_64-fedora-gcc, r-devel-windows-x86_64, r-patched-linux-x86_64, r-release-linux-x86_64, r-release-macos-arm64, r-release-macos-x86_64, r-release-windows-x86_64, r-oldrel-macos-arm64, r-oldrel-macos-x86_64, r-oldrel-windows-x86_64
Version: 0.1.0.4
Check: compiled code
Result: NOTE
File ‘gbp/libs/gbp.so’:
Found no calls to: ‘R_registerRoutines’, ‘R_useDynamicSymbols’
It is good practice to register native routines and to disable symbol
search.
See ‘Writing portable packages’ in the ‘Writing R Extensions’ manual.
Flavors: r-devel-linux-x86_64-fedora-clang, r-devel-linux-x86_64-fedora-gcc
Version: 0.1.0.4
Check: installed package size
Result: NOTE
installed size is 17.9Mb
sub-directories of 1Mb or more:
doc 1.1Mb
libs 16.6Mb
Flavors: r-release-macos-arm64, r-release-macos-x86_64, r-oldrel-macos-arm64, r-oldrel-macos-x86_64