Last updated on 2025-01-22 11:49:31 CET.
Flavor | Version | Tinstall | Tcheck | Ttotal | Status | Flags |
---|---|---|---|---|---|---|
r-devel-linux-x86_64-debian-clang | 1.6 | 520.19 | 95.61 | 615.80 | OK | |
r-devel-linux-x86_64-debian-gcc | 1.6 | 421.04 | 106.17 | 527.21 | OK | |
r-devel-linux-x86_64-fedora-clang | 1.6 | 1107.00 | OK | |||
r-devel-linux-x86_64-fedora-gcc | 1.6 | 1425.52 | OK | |||
r-devel-windows-x86_64 | 1.6 | 506.00 | 197.00 | 703.00 | OK | |
r-patched-linux-x86_64 | 1.6 | 580.64 | 141.00 | 721.64 | OK | |
r-release-linux-x86_64 | 1.6 | 583.06 | 140.86 | 723.92 | OK | |
r-release-macos-arm64 | 1.6 | 244.00 | NOTE | |||
r-release-macos-x86_64 | 1.6 | 233.00 | WARN | |||
r-release-windows-x86_64 | 1.6 | 508.00 | 191.00 | 699.00 | NOTE | |
r-oldrel-macos-arm64 | 1.6 | 279.00 | NOTE | |||
r-oldrel-macos-x86_64 | 1.6 | 318.00 | NOTE | |||
r-oldrel-windows-x86_64 | 1.6 | 603.00 | 221.00 | 824.00 | NOTE |
Version: 1.6
Check: installed package size
Result: NOTE
installed size is 95.5Mb
sub-directories of 1Mb or more:
extdata 1.6Mb
libs 91.9Mb
Flavors: r-release-macos-arm64, r-release-macos-x86_64, r-release-windows-x86_64, r-oldrel-macos-arm64, r-oldrel-macos-x86_64, r-oldrel-windows-x86_64
Version: 1.6
Check: re-building of vignette outputs
Result: WARN
Error(s) in re-building vignettes:
--- re-building ‘gaston-faq.Rnw’ using knitr
Error: processing vignette 'gaston-faq.Rnw' failed with diagnostics:
Running 'texi2dvi' on 'gaston-faq.tex' failed.
LaTeX errors:
! Undefined control sequence.
l.136 \hldef
{> }\hlkwd{data}\hldef{(AGT)}
?
! Emergency stop.
! Emergency stop.
l.136
End of file on the terminal!
! ==> Fatal error occurred, no output PDF file produced!
--- failed re-building ‘gaston-faq.Rnw’
--- re-building ‘gaston.Rnw’ using knitr
Error: processing vignette 'gaston.Rnw' failed with diagnostics:
Running 'texi2dvi' on 'gaston.tex' failed.
LaTeX errors:
! Undefined control sequence.
l.187 \hldef
{> }\hldef{x} \hlkwb{<-} \hlkwd{read.bed.matrix}\hldef{(} \hlkwd...
?
! Emergency stop.
l.187
End of file on the terminal!
! ==> Fatal error occurred, no output PDF file produced!
--- failed re-building ‘gaston.Rnw’
SUMMARY: processing the following files failed:
‘gaston-faq.Rnw’ ‘gaston.Rnw’
Error: Vignette re-building failed.
Execution halted
Flavor: r-release-macos-x86_64