CRAN Package Check Results for Package gaston

Last updated on 2022-01-27 20:49:51 CET.

Flavor Version Tinstall Tcheck Ttotal Status Flags
r-devel-linux-x86_64-debian-clang 1.5.7 703.28 123.03 826.31 OK
r-devel-linux-x86_64-debian-gcc 1.5.7 563.00 108.56 671.56 OK
r-devel-linux-x86_64-fedora-clang 1.5.7 1313.79 NOTE
r-devel-linux-x86_64-fedora-gcc 1.5.7 1173.58 OK
r-devel-windows-x86_64-new-UL 1.5.7 544.00 207.00 751.00 NOTE
r-devel-windows-x86_64-new-TK 1.5.7 OK
r-patched-linux-x86_64 1.5.7 624.46 136.71 761.17 OK
r-release-linux-x86_64 1.5.7 618.50 135.00 753.50 OK
r-release-macos-arm64 1.5.7 NOTE
r-release-macos-x86_64 1.5.7 NOTE
r-release-windows-ix86+x86_64 1.5.7 1544.00 241.00 1785.00 NOTE
r-oldrel-macos-x86_64 1.5.7 NOTE
r-oldrel-windows-ix86+x86_64 1.5.7 1545.00 240.00 1785.00 NOTE

Check Details

Version: 1.5.7
Check: installed package size
Result: NOTE
     installed size is 72.0Mb
     sub-directories of 1Mb or more:
     extdata 1.6Mb
     libs 68.6Mb
Flavors: r-devel-linux-x86_64-fedora-clang, r-devel-windows-x86_64-new-UL, r-release-macos-arm64, r-release-macos-x86_64, r-release-windows-ix86+x86_64, r-oldrel-macos-x86_64, r-oldrel-windows-ix86+x86_64

Version: 1.5.7
Check: Rd cross-references
Result: NOTE
    Undeclared package ‘RcppEigen’ in Rd xrefs
Flavor: r-devel-linux-x86_64-fedora-clang