CRAN Package Check Results for Package gaselect

Last updated on 2021-12-04 10:52:32 CET.

Flavor Version Tinstall Tcheck Ttotal Status Flags
r-devel-linux-x86_64-debian-clang 1.0.9 156.53 65.88 222.41 OK
r-devel-linux-x86_64-debian-gcc 1.0.9 111.61 50.69 162.30 OK
r-devel-linux-x86_64-fedora-clang 1.0.9 340.49 OK
r-devel-linux-x86_64-fedora-gcc 1.0.9 304.39 OK
r-devel-windows-x86_64-new-UL 1.0.9 191.00 123.00 314.00 OK
r-devel-windows-x86_64-new-TK 1.0.9 OK
r-devel-windows-x86_64-old 1.0.9 195.00 74.00 269.00 OK
r-patched-linux-x86_64 1.0.9 134.56 59.28 193.84 OK
r-release-linux-x86_64 1.0.9 137.09 59.45 196.54 OK
r-release-macos-arm64 1.0.9 NOTE
r-release-macos-x86_64 1.0.9 OK
r-release-windows-ix86+x86_64 1.0.9 382.00 136.00 518.00 OK
r-oldrel-macos-x86_64 1.0.9 OK
r-oldrel-windows-ix86+x86_64 1.0.9 373.00 132.00 505.00 OK

Check Details

Version: 1.0.9
Check: installed package size
Result: NOTE
     installed size is 5.5Mb
     sub-directories of 1Mb or more:
     libs 5.3Mb
Flavor: r-release-macos-arm64