CRAN Package Check Results for Package gargle

Last updated on 2021-06-20 11:51:17 CEST.

Flavor Version Tinstall Tcheck Ttotal Status Flags
r-devel-linux-x86_64-debian-clang 1.1.0 7.99 59.14 67.13 OK
r-devel-linux-x86_64-debian-gcc 1.1.0 5.60 45.70 51.30 OK
r-devel-linux-x86_64-fedora-clang 1.1.0 87.39 OK
r-devel-linux-x86_64-fedora-gcc 1.1.0 78.47 OK
r-devel-windows-x86_64 1.1.0 11.00 81.00 92.00 OK
r-devel-windows-x86_64-gcc10-UCRT 1.1.0 ERROR
r-patched-linux-x86_64 1.1.0 10.70 56.77 67.47 OK
r-patched-solaris-x86 1.1.0 101.00 OK
r-release-linux-x86_64 1.1.0 5.48 56.53 62.01 OK
r-release-macos-arm64 1.1.0 OK
r-release-macos-x86_64 1.1.0 OK
r-release-windows-ix86+x86_64 1.1.0 12.00 78.00 90.00 OK
r-oldrel-macos-x86_64 1.1.0 OK
r-oldrel-windows-ix86+x86_64 1.1.0 9.00 80.00 89.00 OK

Check Details

Version: 1.1.0
Check: package dependencies
Result: ERROR
    Package required but not available: 'httr'
    
    Package suggested but not available for checking: 'covr'
    
    See section 'The DESCRIPTION file' in the 'Writing R Extensions'
    manual.
Flavor: r-devel-windows-x86_64-gcc10-UCRT