CRAN Package Check Results for Package gargle

Last updated on 2022-08-17 15:49:53 CEST.

Flavor Version Tinstall Tcheck Ttotal Status Flags
r-devel-linux-x86_64-debian-clang 1.2.0 8.88 72.27 81.15 NOTE
r-devel-linux-x86_64-debian-gcc 1.2.0 NOTE
r-devel-linux-x86_64-fedora-clang 1.2.0 106.26 NOTE
r-devel-linux-x86_64-fedora-gcc 1.2.0 108.43 NOTE
r-devel-windows-x86_64 1.2.0 95.00 120.00 215.00 OK
r-patched-linux-x86_64 1.2.0 9.29 66.19 75.48 OK
r-release-linux-x86_64 1.2.0 8.66 65.88 74.54 OK
r-release-macos-arm64 1.2.0 33.00 OK
r-release-macos-x86_64 1.2.0 48.00 OK
r-release-windows-x86_64 1.2.0 74.00 118.00 192.00 OK
r-oldrel-macos-arm64 1.2.0 42.00 OK
r-oldrel-macos-x86_64 1.2.0 49.00 OK
r-oldrel-windows-ix86+x86_64 1.2.0 15.00 100.00 115.00 OK

Check Details

Version: 1.2.0
Check: HTML version of manual
Result: NOTE
    Found the following HTML validation problems:
    Gargle-class.html:112:6: Warning: missing </span> before <p>
    Gargle-class.html:112:92: Warning: inserting implicit <span>
    Gargle-class.html:115:6: Warning: missing </span> before <p>
    Gargle-class.html:115:87: Warning: inserting implicit <span>
    Gargle-class.html:118:6: Warning: missing </span> before <p>
    Gargle-class.html:118:85: Warning: inserting implicit <span>
    Gargle-class.html:121:6: Warning: missing </span> before <p>
    Gargle-class.html:121:89: Warning: inserting implicit <span>
    Gargle-class.html:112:6: Warning: trimming empty <span>
    Gargle-class.html:115:6: Warning: trimming empty <span>
    Gargle-class.html:118:6: Warning: trimming empty <span>
    Gargle-class.html:121:6: Warning: trimming empty <span>
    GceToken.html:80:6: Warning: missing </span> before <p>
    GceToken.html:80:82: Warning: inserting implicit <span>
    GceToken.html:83:6: Warning: missing </span> before <p>
    GceToken.html:83:88: Warning: inserting implicit <span>
    GceToken.html:86:6: Warning: missing </span> before <p>
    GceToken.html:86:85: Warning: inserting implicit <span>
    GceToken.html:89:6: Warning: missing </span> before <p>
    GceToken.html:89:89: Warning: inserting implicit <span>
    GceToken.html:80:6: Warning: trimming empty <span>
    GceToken.html:83:6: Warning: trimming empty <span>
    GceToken.html:86:6: Warning: trimming empty <span>
    GceToken.html:89:6: Warning: trimming empty <span>
    WifToken.html:88:6: Warning: missing </span> before <p>
    WifToken.html:88:82: Warning: inserting implicit <span>
    WifToken.html:91:6: Warning: missing </span> before <p>
    WifToken.html:91:85: Warning: inserting implicit <span>
    WifToken.html:88:6: Warning: trimming empty <span>
    WifToken.html:91:6: Warning: trimming empty <span>
Flavors: r-devel-linux-x86_64-debian-clang, r-devel-linux-x86_64-debian-gcc, r-devel-linux-x86_64-fedora-clang, r-devel-linux-x86_64-fedora-gcc