Last updated on 2022-06-28 07:51:57 CEST.
Flavor | Version | Tinstall | Tcheck | Ttotal | Status | Flags |
---|---|---|---|---|---|---|
r-devel-linux-x86_64-debian-clang | 0.9.6-1 | 32.12 | 158.74 | 190.86 | OK | |
r-devel-linux-x86_64-debian-gcc | 0.9.6-1 | 24.58 | 117.95 | 142.53 | OK | |
r-devel-linux-x86_64-fedora-clang | 0.9.6-1 | 232.80 | OK | |||
r-devel-linux-x86_64-fedora-gcc | 0.9.6-1 | 232.30 | OK | |||
r-devel-windows-x86_64 | 0.9.6-1 | 42.00 | 189.00 | 231.00 | OK | |
r-patched-linux-x86_64 | 0.9.6-1 | 24.40 | 145.92 | 170.32 | OK | |
r-release-linux-x86_64 | 0.9.6-1 | 28.67 | 149.85 | 178.52 | OK | |
r-release-macos-arm64 | 0.9.6-1 | 69.00 | NOTE | |||
r-release-macos-x86_64 | 0.9.6-1 | 130.00 | NOTE | |||
r-release-windows-x86_64 | 0.9.6-1 | 41.00 | 195.00 | 236.00 | OK | |
r-oldrel-macos-arm64 | 0.9.6-1 | 71.00 | NOTE | |||
r-oldrel-macos-x86_64 | 0.9.6-1 | 91.00 | NOTE | |||
r-oldrel-windows-ix86+x86_64 | 0.9.6-1 | 72.00 | 265.00 | 337.00 | OK |
Version: 0.9.6-1
Check: package dependencies
Result: NOTE
Package which this enhances but not available for checking: ‘doMPI’
Flavors: r-release-macos-arm64, r-release-macos-x86_64, r-oldrel-macos-arm64, r-oldrel-macos-x86_64