CRAN Package Check Results for Package gap

Last updated on 2022-11-28 22:51:23 CET.

Flavor Version Tinstall Tcheck Ttotal Status Flags
r-devel-linux-x86_64-debian-clang 1.3-1 29.64 240.40 270.04 OK
r-devel-linux-x86_64-debian-gcc 1.3-1 24.45 171.13 195.58 OK
r-devel-linux-x86_64-fedora-clang 1.3-1 343.52 NOTE
r-devel-linux-x86_64-fedora-gcc 1.3-1 345.97 OK
r-devel-windows-x86_64 1.3-1 56.00 444.00 500.00 NOTE
r-patched-linux-x86_64 1.3-1 28.11 219.72 247.83 OK
r-release-linux-x86_64 1.3-1 25.83 219.91 245.74 OK
r-release-macos-arm64 1.3-1 99.00 NOTE
r-release-macos-x86_64 1.3-1 121.00 NOTE
r-release-windows-x86_64 1.3-1 98.00 398.00 496.00 NOTE
r-oldrel-macos-arm64 1.3-1 111.00 NOTE
r-oldrel-macos-x86_64 1.3-1 131.00 NOTE
r-oldrel-windows-ix86+x86_64 1.3-1 67.00 323.00 390.00 NOTE

Check Details

Version: 1.3-1
Check: installed package size
Result: NOTE
     installed size is 6.8Mb
     sub-directories of 1Mb or more:
     doc 5.6Mb
Flavors: r-devel-linux-x86_64-fedora-clang, r-devel-windows-x86_64, r-release-macos-arm64, r-release-macos-x86_64, r-release-windows-x86_64, r-oldrel-macos-arm64, r-oldrel-macos-x86_64, r-oldrel-windows-ix86+x86_64