CRAN Package Check Results for Package gap.datasets

Last updated on 2023-01-27 17:50:14 CET.

Flavor Version Tinstall Tcheck Ttotal Status Flags
r-devel-linux-x86_64-debian-clang 0.0.5 4.26 17.15 21.41 NOTE
r-devel-linux-x86_64-debian-gcc 0.0.5 4.00 13.76 17.76 NOTE
r-devel-linux-x86_64-fedora-clang 0.0.5 29.30 NOTE
r-devel-linux-x86_64-fedora-gcc 0.0.5 29.03 NOTE
r-devel-windows-x86_64 0.0.5 32.00 43.00 75.00 NOTE
r-patched-linux-x86_64 0.0.5 4.08 17.51 21.59 OK
r-release-linux-x86_64 0.0.5 4.84 17.39 22.23 OK
r-release-macos-arm64 0.0.5 14.00 OK
r-release-macos-x86_64 0.0.5 21.00 OK
r-release-windows-x86_64 0.0.5 62.00 41.00 103.00 OK
r-oldrel-macos-arm64 0.0.5 15.00 OK
r-oldrel-macos-x86_64 0.0.5 19.00 OK
r-oldrel-windows-ix86+x86_64 0.0.5 9.00 29.00 38.00 OK

Check Details

Version: 0.0.5
Check: Rd files
Result: NOTE
    checkRd: (-1) meyer.Rd:11: Escaped LaTeX specials: \&
Flavors: r-devel-linux-x86_64-debian-clang, r-devel-linux-x86_64-debian-gcc, r-devel-linux-x86_64-fedora-clang, r-devel-linux-x86_64-fedora-gcc, r-devel-windows-x86_64