CRAN Package Check Results for Package gamreg

Last updated on 2021-12-04 10:52:32 CET.

Flavor Version Tinstall Tcheck Ttotal Status Flags
r-devel-linux-x86_64-debian-clang 0.3 43.14 93.76 136.90 NOTE
r-devel-linux-x86_64-debian-gcc 0.3 31.13 71.79 102.92 NOTE
r-devel-linux-x86_64-fedora-clang 0.3 176.53 NOTE
r-devel-linux-x86_64-fedora-gcc 0.3 158.56 NOTE
r-devel-windows-x86_64-new-UL 0.3 62.00 142.00 204.00 NOTE
r-devel-windows-x86_64-new-TK 0.3 NOTE
r-devel-windows-x86_64-old 0.3 59.00 85.00 144.00 NOTE
r-patched-linux-x86_64 0.3 33.81 79.68 113.49 NOTE
r-release-linux-x86_64 0.3 37.50 80.03 117.53 NOTE
r-release-macos-arm64 0.3 NOTE
r-release-macos-x86_64 0.3 NOTE
r-release-windows-ix86+x86_64 0.3 121.00 150.00 271.00 NOTE
r-oldrel-macos-x86_64 0.3 OK
r-oldrel-windows-ix86+x86_64 0.3 110.00 147.00 257.00 OK

Check Details

Version: 0.3
Check: LazyData
Result: NOTE
     'LazyData' is specified without a 'data' directory
Flavors: r-devel-linux-x86_64-debian-clang, r-devel-linux-x86_64-debian-gcc, r-devel-linux-x86_64-fedora-clang, r-devel-linux-x86_64-fedora-gcc, r-devel-windows-x86_64-new-UL, r-devel-windows-x86_64-new-TK, r-devel-windows-x86_64-old, r-patched-linux-x86_64, r-release-linux-x86_64, r-release-macos-arm64, r-release-macos-x86_64, r-release-windows-ix86+x86_64