CRAN Package Check Results for Package gamesGA

Last updated on 2019-04-20 10:47:38 CEST.

Flavor Version Tinstall Tcheck Ttotal Status Flags
r-devel-linux-x86_64-debian-clang 1.1.3.6 3.15 32.45 35.60 OK
r-devel-linux-x86_64-debian-gcc 1.1.3.6 3.69 29.27 32.96 OK
r-devel-linux-x86_64-fedora-clang 1.1.3.6 42.39 NOTE
r-devel-linux-x86_64-fedora-gcc 1.1.3.6 41.70 NOTE
r-devel-windows-ix86+x86_64 1.1.3.6 16.00 93.00 109.00 OK
r-patched-linux-x86_64 1.1.3.6 3.60 32.77 36.37 OK
r-patched-solaris-x86 1.1.3.6 70.80 NOTE
r-release-linux-x86_64 1.1.3.6 2.40 30.00 32.40 OK
r-release-windows-ix86+x86_64 1.1.3.6 8.00 62.00 70.00 OK
r-release-osx-x86_64 1.1.3.6 NOTE
r-oldrel-windows-ix86+x86_64 1.1.3.6 9.00 77.00 86.00 OK
r-oldrel-osx-x86_64 1.1.3.6 NOTE

Check Details

Version: 1.1.3.6
Check: dependencies in R code
Result: NOTE
    Namespace in Imports field not imported from: ‘grDevices’
     All declared Imports should be used.
Flavors: r-devel-linux-x86_64-fedora-clang, r-devel-linux-x86_64-fedora-gcc, r-patched-solaris-x86, r-release-osx-x86_64, r-oldrel-osx-x86_64