CRAN Package Check Results for Package gaiah

Last updated on 2021-06-25 00:49:38 CEST.

Flavor Version Tinstall Tcheck Ttotal Status Flags
r-devel-linux-x86_64-debian-clang 0.0.4 4.84 57.36 62.20 OK
r-devel-linux-x86_64-debian-gcc 0.0.4 3.72 43.56 47.28 OK
r-devel-linux-x86_64-fedora-clang 0.0.4 81.79 NOTE
r-devel-linux-x86_64-fedora-gcc 0.0.4 71.53 NOTE
r-devel-windows-x86_64 0.0.4 8.00 56.00 64.00 OK
r-devel-windows-x86_64-gcc10-UCRT 0.0.4 NOTE
r-patched-linux-x86_64 0.0.4 5.11 53.63 58.74 OK
r-patched-solaris-x86 0.0.4 99.50 NOTE
r-release-linux-x86_64 0.0.4 4.72 53.04 57.76 OK
r-release-macos-arm64 0.0.4 NOTE
r-release-macos-x86_64 0.0.4 NOTE
r-release-windows-ix86+x86_64 0.0.4 12.00 58.00 70.00 OK
r-oldrel-macos-x86_64 0.0.4 NOTE
r-oldrel-windows-ix86+x86_64 0.0.4 11.00 64.00 75.00 OK

Check Details

Version: 0.0.4
Check: dependencies in R code
Result: NOTE
    Namespace in Imports field not imported from: ‘maptools’
     All declared Imports should be used.
Flavors: r-devel-linux-x86_64-fedora-clang, r-devel-linux-x86_64-fedora-gcc, r-devel-windows-x86_64-gcc10-UCRT, r-patched-solaris-x86, r-release-macos-arm64, r-release-macos-x86_64, r-oldrel-macos-x86_64